CRAN Package Check Results for Package SamplerCompare

Last updated on 2021-09-20 06:49:14 CEST.

Flavor Version Tinstall Tcheck Ttotal Status Flags
r-devel-linux-x86_64-debian-clang 1.3.0 5.90 86.12 92.02 OK
r-devel-linux-x86_64-debian-gcc 1.3.0 4.36 64.47 68.83 OK
r-devel-linux-x86_64-fedora-clang 1.3.0 116.82 OK
r-devel-linux-x86_64-fedora-gcc 1.3.0 105.86 OK
r-devel-windows-x86_64 1.3.0 9.00 86.00 95.00 OK
r-devel-windows-x86_64-gcc10-UCRT 1.3.0 ERROR
r-patched-linux-x86_64 1.3.0 5.66 82.60 88.26 OK
r-patched-solaris-x86 1.3.0 144.20 OK
r-release-linux-x86_64 1.3.0 5.23 82.07 87.30 OK
r-release-macos-arm64 1.3.0 OK
r-release-macos-x86_64 1.3.0 OK
r-release-windows-ix86+x86_64 1.3.0 16.00 161.00 177.00 OK
r-oldrel-macos-x86_64 1.3.0 OK
r-oldrel-windows-ix86+x86_64 1.3.0 17.00 113.00 130.00 OK

Check Details

Version: 1.3.0
Check: whether package can be installed
Result: ERROR
    Installation failed.
Flavor: r-devel-windows-x86_64-gcc10-UCRT