CRAN Package Check Results for Package ScottKnottESD

Last updated on 2021-05-05 23:48:50 CEST.

Flavor Version Tinstall Tcheck Ttotal Status Flags
r-devel-linux-x86_64-debian-clang 2.0.3 8.05 79.75 87.80 OK
r-devel-linux-x86_64-debian-gcc 2.0.3 6.59 58.74 65.33 OK
r-devel-linux-x86_64-fedora-clang 2.0.3 123.97 OK
r-devel-linux-x86_64-fedora-gcc 2.0.3 100.23 OK
r-devel-windows-ix86+x86_64 2.0.3 23.00 101.00 124.00 OK
r-devel-windows-x86_64-gcc10-UCRT 2.0.3 OK
r-patched-linux-x86_64 2.0.3 6.98 73.89 80.87 OK
r-patched-solaris-x86 2.0.3 159.60 OK
r-release-linux-x86_64 2.0.3 8.37 72.51 80.88 OK
r-release-macos-x86_64 2.0.3 OK
r-release-windows-ix86+x86_64 2.0.3 16.00 82.00 98.00 OK
r-oldrel-macos-x86_64 2.0.3 OK
r-oldrel-windows-ix86+x86_64 2.0.3 17.00 15.00 32.00 ERROR

Check Details

Version: 2.0.3
Check: whether package can be installed
Result: ERROR
    Installation failed.
    See * DONE
Flavor: r-oldrel-windows-ix86+x86_64