CRAN Package Check Results for Package ScrabbleScore

Last updated on 2020-09-30 20:46:54 CEST.

Flavor Version Tinstall Tcheck Ttotal Status Flags
r-devel-linux-x86_64-debian-clang 1.0 2.83 25.41 28.24 NOTE
r-devel-linux-x86_64-debian-gcc 1.0 2.36 20.59 22.95 NOTE
r-devel-linux-x86_64-fedora-clang 1.0 44.02 NOTE
r-devel-linux-x86_64-fedora-gcc 1.0 34.26 NOTE
r-devel-windows-ix86+x86_64 1.0 6.00 46.00 52.00 OK
r-patched-linux-x86_64 1.0 3.05 24.74 27.79 NOTE
r-patched-solaris-x86 1.0 56.60 NOTE
r-release-linux-x86_64 1.0 2.27 24.91 27.18 NOTE
r-release-macos-x86_64 1.0 NOTE
r-release-windows-ix86+x86_64 1.0 13.00 41.00 54.00 OK
r-oldrel-macos-x86_64 1.0 NOTE
r-oldrel-windows-ix86+x86_64 1.0 5.00 40.00 45.00 OK

Check Details

Version: 1.0
Check: DESCRIPTION meta-information
Result: NOTE
    License components which are templates and need '+ file LICENSE':
     MIT License
Flavors: r-devel-linux-x86_64-debian-clang, r-devel-linux-x86_64-debian-gcc, r-devel-linux-x86_64-fedora-clang, r-devel-linux-x86_64-fedora-gcc, r-patched-linux-x86_64, r-patched-solaris-x86, r-release-linux-x86_64, r-release-macos-x86_64, r-oldrel-macos-x86_64