CRAN Package Check Results for Package SecKW

Last updated on 2021-04-19 04:51:40 CEST.

Flavor Version Tinstall Tcheck Ttotal Status Flags
r-devel-linux-x86_64-debian-clang 0.2 2.30 21.90 24.20 NOTE
r-devel-linux-x86_64-debian-gcc 0.2 1.95 17.63 19.58 NOTE
r-devel-linux-x86_64-fedora-clang 0.2 39.85 NOTE
r-devel-linux-x86_64-fedora-gcc 0.2 29.66 NOTE
r-devel-windows-ix86+x86_64 0.2 6.00 31.00 37.00 NOTE
r-devel-windows-x86_64-gcc10-UCRT 0.2 NOTE
r-patched-linux-x86_64 0.2 2.32 21.81 24.13 OK
r-patched-solaris-x86 0.2 46.80 OK
r-release-linux-x86_64 0.2 2.36 21.83 24.19 OK
r-release-macos-x86_64 0.2 OK
r-release-windows-ix86+x86_64 0.2 6.00 40.00 46.00 OK
r-oldrel-macos-x86_64 0.2 OK
r-oldrel-windows-ix86+x86_64 0.2 4.00 36.00 40.00 OK

Check Details

Version: 0.2
Check: LazyData
Result: NOTE
     'LazyData' is specified without a 'data' directory
Flavors: r-devel-linux-x86_64-debian-clang, r-devel-linux-x86_64-debian-gcc, r-devel-linux-x86_64-fedora-clang, r-devel-linux-x86_64-fedora-gcc, r-devel-windows-ix86+x86_64, r-devel-windows-x86_64-gcc10-UCRT