CRAN Package Check Results for Package SecKW

Last updated on 2023-02-01 05:50:59 CET.

Flavor Version Tinstall Tcheck Ttotal Status Flags
r-devel-linux-x86_64-debian-clang 0.2 2.09 23.25 25.34 NOTE
r-devel-linux-x86_64-debian-gcc 0.2 1.79 18.04 19.83 NOTE
r-devel-linux-x86_64-fedora-clang 0.2 32.54 NOTE
r-devel-linux-x86_64-fedora-gcc 0.2 30.99 NOTE
r-devel-windows-x86_64 0.2 10.00 50.00 60.00 NOTE
r-patched-linux-x86_64 0.2 1.67 21.70 23.37 NOTE
r-release-linux-x86_64 0.2 2.70 23.90 26.60 NOTE
r-release-macos-arm64 0.2 15.00 NOTE
r-release-macos-x86_64 0.2 20.00 NOTE
r-release-windows-x86_64 0.2 12.00 53.00 65.00 NOTE
r-oldrel-macos-arm64 0.2 19.00 NOTE
r-oldrel-macos-x86_64 0.2 27.00 NOTE
r-oldrel-windows-ix86+x86_64 0.2 6.00 47.00 53.00 NOTE

Check Details

Version: 0.2
Check: LazyData
Result: NOTE
     'LazyData' is specified without a 'data' directory
Flavors: r-devel-linux-x86_64-debian-clang, r-devel-linux-x86_64-debian-gcc, r-devel-linux-x86_64-fedora-clang, r-devel-linux-x86_64-fedora-gcc, r-devel-windows-x86_64, r-patched-linux-x86_64, r-release-linux-x86_64, r-release-macos-arm64, r-release-macos-x86_64, r-release-windows-x86_64, r-oldrel-macos-arm64, r-oldrel-macos-x86_64, r-oldrel-windows-ix86+x86_64