CRAN Package Check Results for Package SecKW

Last updated on 2022-10-02 11:11:33 CEST.

Flavor Version Tinstall Tcheck Ttotal Status Flags
r-devel-linux-x86_64-debian-clang 0.2 2.50 24.17 26.67 NOTE
r-devel-linux-x86_64-debian-gcc 0.2 1.54 18.37 19.91 NOTE
r-devel-linux-x86_64-fedora-clang 0.2 46.50 NOTE
r-devel-linux-x86_64-fedora-gcc 0.2 43.48 NOTE
r-devel-windows-x86_64 0.2 10.00 49.00 59.00 NOTE
r-patched-linux-x86_64 0.2 2.39 21.89 24.28 NOTE
r-release-linux-x86_64 0.2 2.34 22.02 24.36 NOTE
r-release-macos-arm64 0.2 15.00 NOTE
r-release-macos-x86_64 0.2 20.00 NOTE
r-release-windows-x86_64 0.2 12.00 46.00 58.00 NOTE
r-oldrel-macos-arm64 0.2 19.00 NOTE
r-oldrel-macos-x86_64 0.2 27.00 NOTE
r-oldrel-windows-ix86+x86_64 0.2 6.00 44.00 50.00 NOTE

Check Details

Version: 0.2
Check: LazyData
Result: NOTE
     'LazyData' is specified without a 'data' directory
Flavors: r-devel-linux-x86_64-debian-clang, r-devel-linux-x86_64-debian-gcc, r-devel-linux-x86_64-fedora-clang, r-devel-linux-x86_64-fedora-gcc, r-devel-windows-x86_64, r-patched-linux-x86_64, r-release-linux-x86_64, r-release-macos-arm64, r-release-macos-x86_64, r-release-windows-x86_64, r-oldrel-macos-arm64, r-oldrel-macos-x86_64, r-oldrel-windows-ix86+x86_64