Last updated on 2023-09-25 16:03:50 CEST.
Flavor | Version | Tinstall | Tcheck | Ttotal | Status | Flags |
---|---|---|---|---|---|---|
r-devel-linux-x86_64-debian-clang | 1.1 | 3.14 | 29.39 | 32.53 | OK | |
r-devel-linux-x86_64-debian-gcc | 1.1 | 3.28 | 22.27 | 25.55 | OK | |
r-devel-linux-x86_64-fedora-clang | 1.1 | 41.08 | OK | |||
r-devel-linux-x86_64-fedora-gcc | 1.1 | 43.44 | OK | |||
r-devel-windows-x86_64 | 1.1 | 5.00 | 45.00 | 50.00 | OK | |
r-patched-linux-x86_64 | 1.1 | 3.62 | 27.87 | 31.49 | OK | |
r-release-linux-x86_64 | 1.1 | 3.58 | 28.72 | 32.30 | OK | |
r-release-macos-arm64 | 1.1 | 20.00 | OK | |||
r-release-macos-x86_64 | 1.1 | 8.00 | ERROR | |||
r-release-windows-x86_64 | 1.1 | 6.00 | 46.00 | 52.00 | OK | |
r-oldrel-macos-arm64 | 1.0 | 27.00 | NOTE | |||
r-oldrel-macos-x86_64 | 1.0 | 33.00 | NOTE | |||
r-oldrel-windows-x86_64 | 1.0 | 6.00 | 50.00 | 56.00 | NOTE |
Version: 1.1
Check: package dependencies
Result: ERROR
Package required and available but unsuitable version: ‘OasisR’
See section ‘The DESCRIPTION file’ in the ‘Writing R Extensions’
manual.
Flavor: r-release-macos-x86_64
Version: 1.0
Check: LazyData
Result: NOTE
'LazyData' is specified without a 'data' directory
Flavors: r-oldrel-macos-arm64, r-oldrel-macos-x86_64, r-oldrel-windows-x86_64