CRAN Package Check Results for Package Sejong

Last updated on 2023-06-07 14:00:48 CEST.

Flavor Version Tinstall Tcheck Ttotal Status Flags
r-devel-linux-x86_64-debian-clang 0.01 1.78 15.05 16.83 NOTE
r-devel-linux-x86_64-debian-gcc 0.01 1.61 11.75 13.36 NOTE
r-devel-linux-x86_64-fedora-clang 0.01 21.05 NOTE
r-devel-linux-x86_64-fedora-gcc 0.01 19.19 NOTE
r-devel-windows-x86_64 0.01 2.00 23.00 25.00 NOTE
r-patched-linux-x86_64 0.01 2.05 14.53 16.58 NOTE
r-release-linux-x86_64 0.01 1.71 14.36 16.07 NOTE
r-release-macos-arm64 0.01 11.00 NOTE
r-release-macos-x86_64 0.01 15.00 NOTE
r-release-windows-x86_64 0.01 2.00 27.00 29.00 NOTE
r-oldrel-macos-arm64 0.01 12.00 NOTE
r-oldrel-macos-x86_64 0.01 14.00 NOTE
r-oldrel-windows-x86_64 0.01 5.00 27.00 32.00 NOTE

Check Details

Version: 0.01
Check: DESCRIPTION meta-information
Result: NOTE
    Malformed Title field: should not end in a period.
    Malformed Description field: should contain one or more complete sentences.
Flavors: r-devel-linux-x86_64-debian-clang, r-devel-linux-x86_64-debian-gcc, r-devel-linux-x86_64-fedora-clang, r-devel-linux-x86_64-fedora-gcc, r-devel-windows-x86_64, r-patched-linux-x86_64, r-release-linux-x86_64, r-release-macos-arm64, r-release-macos-x86_64, r-release-windows-x86_64, r-oldrel-macos-arm64, r-oldrel-macos-x86_64, r-oldrel-windows-x86_64