CRAN Package Check Results for Package Sejong

Last updated on 2024-06-14 16:54:15 CEST.

Flavor Version Tinstall Tcheck Ttotal Status Flags
r-devel-linux-x86_64-debian-clang 0.01 1.67 15.21 16.88 NOTE
r-devel-linux-x86_64-debian-gcc 0.01 1.64 11.79 13.43 NOTE
r-devel-linux-x86_64-fedora-clang 0.01 21.28 NOTE
r-devel-linux-x86_64-fedora-gcc 0.01 19.70 NOTE
r-devel-windows-x86_64 0.01 3.00 23.00 26.00 NOTE
r-patched-linux-x86_64 0.01 2.07 14.47 16.54 NOTE
r-release-linux-x86_64 0.01 2.07 14.39 16.46 NOTE
r-release-macos-arm64 0.01 11.00 NOTE
r-release-macos-x86_64 0.01 15.00 NOTE
r-release-windows-x86_64 0.01 2.00 23.00 25.00 NOTE
r-oldrel-macos-arm64 0.01 11.00 NOTE
r-oldrel-macos-x86_64 0.01 15.00 NOTE
r-oldrel-windows-x86_64 0.01 2.00 23.00 25.00 NOTE

Check Details

Version: 0.01
Check: DESCRIPTION meta-information
Result: NOTE Malformed Title field: should not end in a period. Malformed Description field: should contain one or more complete sentences. Flavors: r-devel-linux-x86_64-debian-clang, r-devel-linux-x86_64-debian-gcc, r-devel-linux-x86_64-fedora-clang, r-devel-linux-x86_64-fedora-gcc, r-devel-windows-x86_64, r-patched-linux-x86_64, r-release-linux-x86_64, r-release-macos-arm64, r-release-macos-x86_64, r-release-windows-x86_64, r-oldrel-macos-arm64, r-oldrel-macos-x86_64, r-oldrel-windows-x86_64