Last updated on 2021-01-23 21:49:53 CET.
Flavor | Version | Tinstall | Tcheck | Ttotal | Status | Flags |
---|---|---|---|---|---|---|
r-devel-linux-x86_64-debian-clang | 1.4 | 2.07 | 33.00 | 35.07 | OK | |
r-devel-linux-x86_64-debian-gcc | 1.4 | 1.94 | 26.43 | 28.37 | OK | |
r-devel-linux-x86_64-fedora-clang | 1.4 | 54.35 | NOTE | |||
r-devel-linux-x86_64-fedora-gcc | 1.4 | 43.86 | NOTE | |||
r-devel-windows-ix86+x86_64 | 1.4 | 6.00 | 50.00 | 56.00 | OK | |
r-patched-linux-x86_64 | 1.4 | 2.28 | 32.48 | 34.76 | OK | |
r-patched-solaris-x86 | 1.4 | 64.60 | NOTE | |||
r-release-linux-x86_64 | 1.4 | 2.21 | 32.43 | 34.64 | OK | |
r-release-macos-x86_64 | 1.4 | NOTE | ||||
r-release-windows-ix86+x86_64 | 1.4 | 12.00 | 53.00 | 65.00 | OK | |
r-oldrel-macos-x86_64 | 1.4 | NOTE | ||||
r-oldrel-windows-ix86+x86_64 | 1.4 | 4.00 | 49.00 | 53.00 | OK |
Version: 1.4
Check: dependencies in R code
Result: NOTE
Namespace in Imports field not imported from: ‘FD’
All declared Imports should be used.
Flavors: r-devel-linux-x86_64-fedora-clang, r-devel-linux-x86_64-fedora-gcc, r-patched-solaris-x86, r-release-macos-x86_64, r-oldrel-macos-x86_64