CRAN Package Check Results for Package SemNeT

Last updated on 2020-02-28 19:52:23 CET.

Flavor Version Tinstall Tcheck Ttotal Status Flags
r-devel-linux-x86_64-debian-clang 1.1.3 7.28 79.88 87.16 OK
r-devel-linux-x86_64-debian-gcc 1.1.3 6.17 61.25 67.42 OK
r-devel-linux-x86_64-fedora-clang 1.1.3 108.59 NOTE
r-devel-linux-x86_64-fedora-gcc 1.1.3 102.96 NOTE
r-devel-windows-ix86+x86_64 1.1.3 26.00 101.00 127.00 OK
r-devel-windows-ix86+x86_64-gcc8 1.1.3 20.00 109.00 129.00 OK
r-patched-linux-x86_64 1.1.3 4.57 71.23 75.80 OK
r-patched-solaris-x86 1.1.3 152.10 NOTE
r-release-linux-x86_64 1.1.3 5.60 69.63 75.23 OK
r-release-windows-ix86+x86_64 1.1.3 17.00 151.00 168.00 OK
r-release-osx-x86_64 1.1.3 NOTE
r-oldrel-windows-ix86+x86_64 1.1.3 8.00 87.00 95.00 OK
r-oldrel-osx-x86_64 1.1.3 NOTE

Check Details

Version: 1.1.3
Check: dependencies in R code
Result: NOTE
    Namespaces in Imports field not imported from:
     ‘RColorBrewer’ ‘SemNetCleaner’ ‘grid’ ‘purrr’
     All declared Imports should be used.
Flavors: r-devel-linux-x86_64-fedora-clang, r-devel-linux-x86_64-fedora-gcc, r-patched-solaris-x86, r-release-osx-x86_64, r-oldrel-osx-x86_64