CRAN Package Check Results for Package SemNetDictionaries

Last updated on 2024-06-26 00:49:59 CEST.

Flavor Version Tinstall Tcheck Ttotal Status Flags
r-devel-linux-x86_64-debian-clang 0.2.0 NOTE
r-devel-linux-x86_64-debian-gcc 0.2.0 4.37 31.25 35.62 NOTE
r-devel-linux-x86_64-fedora-clang 0.2.0 58.23 NOTE
r-devel-linux-x86_64-fedora-gcc 0.2.0 67.05 NOTE
r-devel-windows-x86_64 0.2.0 6.00 58.00 64.00 NOTE
r-patched-linux-x86_64 0.2.0 6.05 38.91 44.96 NOTE
r-release-linux-x86_64 0.2.0 5.71 38.87 44.58 NOTE
r-release-macos-arm64 0.2.0 30.00 NOTE
r-release-macos-x86_64 0.2.0 42.00 NOTE
r-release-windows-x86_64 0.2.0 6.00 59.00 65.00 NOTE
r-oldrel-macos-arm64 0.2.0 33.00 OK
r-oldrel-macos-x86_64 0.2.0 59.00 OK
r-oldrel-windows-x86_64 0.2.0 8.00 62.00 70.00 OK

Check Details

Version: 0.2.0
Check: Rd files
Result: NOTE checkRd: (-1) append.dictionary.Rd:33: Lost braces in \itemize; meant \describe ? checkRd: (-1) append.dictionary.Rd:36-37: Lost braces in \itemize; meant \describe ? checkRd: (-1) append.dictionary.Rd:40-41: Lost braces in \itemize; meant \describe ? checkRd: (-1) append.dictionary.Rd:44-47: Lost braces in \itemize; meant \describe ? checkRd: (-1) append.dictionary.Rd:89-92: Lost braces in \itemize; meant \describe ? checkRd: (-1) append.dictionary.Rd:95-98: Lost braces in \itemize; meant \describe ? checkRd: (-1) append.dictionary.Rd:107: Lost braces in \itemize; meant \describe ? checkRd: (-1) append.dictionary.Rd:110: Lost braces in \itemize; meant \describe ? checkRd: (-1) append.dictionary.Rd:113: Lost braces in \itemize; meant \describe ? Flavors: r-devel-linux-x86_64-debian-clang, r-devel-linux-x86_64-debian-gcc, r-devel-linux-x86_64-fedora-clang, r-devel-linux-x86_64-fedora-gcc, r-devel-windows-x86_64, r-patched-linux-x86_64, r-release-linux-x86_64, r-release-macos-arm64, r-release-macos-x86_64, r-release-windows-x86_64

Version: 0.2.0
Check: dependencies in R code
Result: NOTE Namespace in Imports field not imported from: ‘knitr’ All declared Imports should be used. Flavors: r-devel-linux-x86_64-fedora-clang, r-devel-linux-x86_64-fedora-gcc

Version: 0.2.0
Check: Rd cross-references
Result: NOTE Undeclared package ‘SemNetCleaner’ in Rd xrefs Flavor: r-devel-linux-x86_64-fedora-clang