CRAN Package Check Results for Package SemNetDictionaries

Last updated on 2020-03-30 09:51:42 CEST.

Flavor Version Tinstall Tcheck Ttotal Status Flags
r-devel-linux-x86_64-debian-clang 0.1.5 4.53 28.89 33.42 OK
r-devel-linux-x86_64-debian-gcc 0.1.5 3.56 23.75 27.31 OK
r-devel-linux-x86_64-fedora-clang 0.1.5 42.16 NOTE
r-devel-linux-x86_64-fedora-gcc 0.1.5 42.14 NOTE
r-devel-windows-ix86+x86_64 0.1.5 10.00 40.00 50.00 OK
r-devel-windows-ix86+x86_64-gcc8 0.1.5 10.00 42.00 52.00 OK
r-patched-linux-x86_64 0.1.5 4.40 29.95 34.35 OK
r-patched-solaris-x86 0.1.5 71.90 NOTE
r-release-linux-x86_64 0.1.5 3.07 28.40 31.47 OK
r-release-windows-ix86+x86_64 0.1.5 16.00 59.00 75.00 OK
r-release-osx-x86_64 0.1.5 NOTE
r-oldrel-windows-ix86+x86_64 0.1.5 13.00 66.00 79.00 OK
r-oldrel-osx-x86_64 0.1.5 NOTE

Check Details

Version: 0.1.5
Check: data for non-ASCII characters
Result: NOTE
     Note: found 12 marked UTF-8 strings
Flavors: r-devel-linux-x86_64-fedora-clang, r-devel-linux-x86_64-fedora-gcc, r-patched-solaris-x86, r-release-osx-x86_64, r-oldrel-osx-x86_64

Version: 0.1.5
Check: dependencies in R code
Result: NOTE
    No protocol specified
    No protocol specified
Flavors: r-release-osx-x86_64, r-oldrel-osx-x86_64