Last updated on 2023-06-06 17:58:52 CEST.
Flavor | Version | Tinstall | Tcheck | Ttotal | Status | Flags |
---|---|---|---|---|---|---|
r-devel-linux-x86_64-debian-clang | 1.1.0 | 13.47 | 121.37 | 134.84 | NOTE | |
r-devel-linux-x86_64-debian-gcc | 1.1.0 | 12.09 | 88.87 | 100.96 | NOTE | |
r-devel-linux-x86_64-fedora-clang | 1.1.0 | 164.88 | NOTE | |||
r-devel-linux-x86_64-fedora-gcc | 1.1.0 | 156.12 | NOTE | |||
r-devel-windows-x86_64 | 1.1.0 | 13.00 | 97.00 | 110.00 | NOTE | |
r-patched-linux-x86_64 | 1.1.0 | 8.80 | 112.86 | 121.66 | NOTE | |
r-release-linux-x86_64 | 1.1.0 | 8.65 | 114.39 | 123.04 | NOTE | |
r-release-macos-arm64 | 1.1.0 | 47.00 | NOTE | |||
r-release-macos-x86_64 | 1.1.0 | 76.00 | NOTE | |||
r-release-windows-x86_64 | 1.1.0 | 17.00 | 117.00 | 134.00 | NOTE | |
r-oldrel-macos-arm64 | 1.1.0 | 44.00 | NOTE | |||
r-oldrel-macos-x86_64 | 1.1.0 | 78.00 | NOTE | |||
r-oldrel-windows-x86_64 | 1.1.0 | 18.00 | 118.00 | 136.00 | NOTE |
Version: 1.1.0
Check: LazyData
Result: NOTE
'LazyData' is specified without a 'data' directory
Flavors: r-devel-linux-x86_64-debian-clang, r-devel-linux-x86_64-debian-gcc, r-devel-linux-x86_64-fedora-clang, r-devel-linux-x86_64-fedora-gcc, r-devel-windows-x86_64, r-patched-linux-x86_64, r-release-linux-x86_64, r-release-macos-arm64, r-release-macos-x86_64, r-release-windows-x86_64, r-oldrel-macos-arm64, r-oldrel-macos-x86_64, r-oldrel-windows-x86_64