CRAN Package Check Results for Package SemiCompRisks

Last updated on 2024-02-27 08:55:29 CET.

Flavor Version Tinstall Tcheck Ttotal Status Flags
r-devel-linux-x86_64-debian-clang 3.4 67.76 144.80 212.56 OK
r-devel-linux-x86_64-debian-gcc 3.4 72.10 112.40 184.50 OK
r-devel-linux-x86_64-fedora-clang 3.4 267.00 OK
r-devel-linux-x86_64-fedora-gcc 3.4 310.41 OK
r-devel-windows-x86_64 3.4 73.00 142.00 215.00 OK
r-patched-linux-x86_64 3.4 81.98 144.90 226.88 OK
r-release-linux-x86_64 3.4 92.06 145.79 237.85 OK
r-release-macos-arm64 3.4 84.00 WARN
r-release-macos-x86_64 3.4 148.00 NOTE
r-release-windows-x86_64 3.4 94.00 173.00 267.00 OK
r-oldrel-macos-arm64 3.4 62.00 NOTE
r-oldrel-windows-x86_64 3.4 92.00 162.00 254.00 OK

Check Details

Version: 3.4
Check: installed package size
Result: NOTE installed size is 6.9Mb sub-directories of 1Mb or more: libs 5.9Mb Flavors: r-release-macos-arm64, r-release-macos-x86_64, r-oldrel-macos-arm64

Version: 3.4
Check: re-building of vignette outputs
Result: WARN Error(s) in re-building vignettes: ... --- re-building ‘SemiCompRisks.ltx’ using tex Error: processing vignette 'SemiCompRisks.ltx' failed with diagnostics: Running 'texi2dvi' on 'SemiCompRisks.ltx' failed. LaTeX errors: !pdfTeX error: pdflatex (file bbm8): Font bbm8 at 600 not found ==> Fatal error occurred, no output PDF file produced! --- failed re-building ‘SemiCompRisks.ltx’ SUMMARY: processing the following file failed: ‘SemiCompRisks.ltx’ Error: Vignette re-building failed. Execution halted Flavor: r-release-macos-arm64