CRAN Package Check Results for Package SentimentAnalysis

Last updated on 2019-03-21 22:51:19 CET.

Flavor Version Tinstall Tcheck Ttotal Status Flags
r-devel-linux-x86_64-debian-clang 1.3-2 3.66 89.42 93.08 OK
r-devel-linux-x86_64-debian-gcc 1.3-2 3.23 63.18 66.41 OK
r-devel-linux-x86_64-fedora-clang 1.3-2 105.63 NOTE
r-devel-linux-x86_64-fedora-gcc 1.3-2 101.18 NOTE
r-devel-windows-ix86+x86_64 1.3-2 10.00 125.00 135.00 OK
r-patched-linux-x86_64 1.3-2 2.89 82.97 85.86 OK
r-patched-solaris-x86 1.3-2 127.00 NOTE
r-release-linux-x86_64 1.3-2 3.06 84.01 87.07 OK
r-release-windows-ix86+x86_64 1.3-2 6.00 124.00 130.00 OK
r-release-osx-x86_64 1.3-2 NOTE
r-oldrel-windows-ix86+x86_64 1.3-2 9.00 142.00 151.00 OK
r-oldrel-osx-x86_64 1.3-2 NOTE

Check Details

Version: 1.3-2
Check: dependencies in R code
Result: NOTE
    Namespaces in Imports field not imported from:
     ‘SnowballC’ ‘XML’ ‘mgcv’
     All declared Imports should be used.
Flavors: r-devel-linux-x86_64-fedora-clang, r-devel-linux-x86_64-fedora-gcc, r-patched-solaris-x86, r-release-osx-x86_64, r-oldrel-osx-x86_64