CRAN Package Check Results for Package SentimentAnalysis

Last updated on 2019-01-20 03:47:10 CET.

Flavor Version Tinstall Tcheck Ttotal Status Flags
r-devel-linux-x86_64-debian-clang 1.3-2 3.07 87.13 90.20 OK
r-devel-linux-x86_64-debian-gcc 1.3-2 2.46 63.12 65.58 OK
r-devel-linux-x86_64-fedora-clang 1.3-2 107.49 NOTE
r-devel-linux-x86_64-fedora-gcc 1.3-2 100.60 NOTE
r-devel-windows-ix86+x86_64 1.3-2 9.00 131.00 140.00 OK
r-patched-linux-x86_64 1.3-2 2.34 81.89 84.23 OK
r-patched-solaris-x86 1.3-2 123.20 NOTE
r-release-linux-x86_64 1.3-2 2.82 81.96 84.78 OK
r-release-windows-ix86+x86_64 1.3-2 6.00 129.00 135.00 OK
r-release-osx-x86_64 1.3-2 NOTE
r-oldrel-windows-ix86+x86_64 1.3-2 7.00 139.00 146.00 OK
r-oldrel-osx-x86_64 1.3-2 NOTE

Check Details

Version: 1.3-2
Check: dependencies in R code
Result: NOTE
    Namespaces in Imports field not imported from:
     ‘SnowballC’ ‘XML’ ‘mgcv’
     All declared Imports should be used.
Flavors: r-devel-linux-x86_64-fedora-clang, r-devel-linux-x86_64-fedora-gcc, r-patched-solaris-x86, r-release-osx-x86_64, r-oldrel-osx-x86_64