CRAN Package Check Results for Package SeqDetect

Last updated on 2021-03-02 18:47:52 CET.

Flavor Version Tinstall Tcheck Ttotal Status Flags
r-devel-linux-x86_64-debian-clang 1.0.7 OK
r-devel-linux-x86_64-debian-gcc 1.0.7 54.97 62.68 117.65 OK
r-devel-linux-x86_64-fedora-clang 1.0.7 222.76 NOTE
r-devel-linux-x86_64-fedora-gcc 1.0.7 196.83 OK
r-devel-windows-ix86+x86_64 1.0.7 162.00 144.00 306.00 OK
r-patched-linux-x86_64 1.0.7 61.48 78.93 140.41 OK
r-patched-solaris-x86 1.0.7 212.70 OK
r-release-linux-x86_64 1.0.7 58.88 79.00 137.88 OK
r-release-macos-x86_64 1.0.7 NOTE
r-release-windows-ix86+x86_64 1.0.7 123.00 115.00 238.00 OK
r-oldrel-macos-x86_64 1.0.7 NOTE
r-oldrel-windows-ix86+x86_64 1.0.7 151.00 135.00 286.00 OK

Check Details

Version: 1.0.7
Check: installed package size
Result: NOTE
     installed size is 10.5Mb
     sub-directories of 1Mb or more:
     libs 9.1Mb
Flavors: r-devel-linux-x86_64-fedora-clang, r-release-macos-x86_64, r-oldrel-macos-x86_64