CRAN Package Check Results for Package SeqKat

Last updated on 2021-12-07 12:54:17 CET.

Flavor Version Tinstall Tcheck Ttotal Status Flags
r-devel-linux-x86_64-debian-clang 0.0.8 33.27 53.61 86.88 OK
r-devel-linux-x86_64-debian-gcc 0.0.8 22.46 41.66 64.12 OK
r-devel-linux-x86_64-fedora-clang 0.0.8 122.29 OK
r-devel-linux-x86_64-fedora-gcc 0.0.8 100.03 OK
r-devel-windows-x86_64-new-UL 0.0.8 52.00 146.00 198.00 NOTE
r-devel-windows-x86_64-new-TK 0.0.8 NOTE
r-devel-windows-x86_64-old 0.0.8 49.00 84.00 133.00 NOTE
r-patched-linux-x86_64 0.0.8 24.54 52.01 76.55 OK
r-release-linux-x86_64 0.0.8 25.57 52.37 77.94 OK
r-release-macos-arm64 0.0.8 OK
r-release-macos-x86_64 0.0.8 OK
r-release-windows-ix86+x86_64 0.0.8 67.00 111.00 178.00 NOTE
r-oldrel-macos-x86_64 0.0.8 OK
r-oldrel-windows-ix86+x86_64 0.0.8 91.00 116.00 207.00 NOTE

Check Details

Version: 0.0.8
Check: package dependencies
Result: NOTE
    Package suggested but not available for checking: 'doMC'
Flavors: r-devel-windows-x86_64-new-UL, r-devel-windows-x86_64-new-TK, r-devel-windows-x86_64-old, r-release-windows-ix86+x86_64, r-oldrel-windows-ix86+x86_64