CRAN Package Check Results for Package SetTest

Last updated on 2022-09-27 03:56:04 CEST.

Flavor Version Tinstall Tcheck Ttotal Status Flags
r-devel-linux-x86_64-debian-clang 0.2.0 2.69 35.41 38.10 NOTE
r-devel-linux-x86_64-debian-gcc 0.2.0 2.56 26.70 29.26 NOTE
r-devel-linux-x86_64-fedora-clang 0.2.0 63.26 NOTE
r-devel-linux-x86_64-fedora-gcc 0.2.0 59.26 NOTE
r-devel-windows-x86_64 0.2.0 18.00 61.00 79.00 NOTE
r-patched-linux-x86_64 0.2.0 3.87 33.36 37.23 NOTE
r-release-linux-x86_64 0.2.0 3.78 33.78 37.56 NOTE
r-release-macos-arm64 0.2.0 18.00 NOTE
r-release-macos-x86_64 0.2.0 24.00 NOTE
r-release-windows-x86_64 0.2.0 8.00 53.00 61.00 NOTE
r-oldrel-macos-arm64 0.2.0 21.00 NOTE
r-oldrel-macos-x86_64 0.2.0 32.00 NOTE
r-oldrel-windows-ix86+x86_64 0.2.0 7.00 50.00 57.00 NOTE

Check Details

Version: 0.2.0
Check: LazyData
Result: NOTE
     'LazyData' is specified without a 'data' directory
Flavors: r-devel-linux-x86_64-debian-clang, r-devel-linux-x86_64-debian-gcc, r-devel-linux-x86_64-fedora-clang, r-devel-linux-x86_64-fedora-gcc, r-devel-windows-x86_64, r-patched-linux-x86_64, r-release-linux-x86_64, r-release-macos-arm64, r-release-macos-x86_64, r-release-windows-x86_64, r-oldrel-macos-arm64, r-oldrel-macos-x86_64, r-oldrel-windows-ix86+x86_64