CRAN Package Check Results for Package SetTest

Last updated on 2024-03-04 05:55:05 CET.

Flavor Version Tinstall Tcheck Ttotal Status Flags
r-devel-linux-x86_64-debian-clang 0.2.0 3.30 35.48 38.78 NOTE
r-devel-linux-x86_64-debian-gcc 0.2.0 2.93 26.11 29.04 NOTE
r-devel-linux-x86_64-fedora-clang 0.2.0 49.45 NOTE
r-devel-linux-x86_64-fedora-gcc 0.2.0 46.24 NOTE
r-devel-windows-x86_64 0.2.0 4.00 46.00 50.00 NOTE
r-patched-linux-x86_64 0.2.0 3.74 35.58 39.32 NOTE
r-release-linux-x86_64 0.2.0 3.66 34.66 38.32 NOTE
r-release-macos-arm64 0.2.0 19.00 NOTE
r-release-macos-x86_64 0.2.0 25.00 NOTE
r-release-windows-x86_64 0.2.0 7.00 47.00 54.00 NOTE
r-oldrel-macos-arm64 0.2.0 19.00 NOTE
r-oldrel-windows-x86_64 0.2.0 8.00 53.00 61.00 NOTE

Check Details

Version: 0.2.0
Check: LazyData
Result: NOTE 'LazyData' is specified without a 'data' directory Flavors: r-devel-linux-x86_64-debian-clang, r-devel-linux-x86_64-debian-gcc, r-devel-linux-x86_64-fedora-clang, r-devel-linux-x86_64-fedora-gcc, r-devel-windows-x86_64, r-patched-linux-x86_64, r-release-linux-x86_64, r-release-macos-arm64, r-release-macos-x86_64, r-release-windows-x86_64, r-oldrel-macos-arm64, r-oldrel-windows-x86_64