CRAN Package Check Results for Package Seurat

Last updated on 2024-07-16 13:51:28 CEST.

Flavor Version Tinstall Tcheck Ttotal Status Flags
r-devel-linux-x86_64-debian-clang 5.1.0 176.55 771.75 948.30 NOTE
r-devel-linux-x86_64-debian-gcc 5.1.0 119.60 541.10 660.70 NOTE
r-devel-linux-x86_64-fedora-clang 5.1.0 1209.09 NOTE
r-devel-linux-x86_64-fedora-gcc 5.1.0 1180.62 NOTE
r-devel-windows-x86_64 5.1.0 130.00 1322.00 1452.00 NOTE
r-patched-linux-x86_64 5.1.0 170.76 717.71 888.47 NOTE
r-release-linux-x86_64 5.1.0 147.19 738.59 885.78 NOTE
r-release-macos-arm64 5.1.0 275.00 NOTE
r-release-macos-x86_64 5.1.0 484.00 NOTE
r-release-windows-x86_64 5.1.0 128.00 1267.00 1395.00 NOTE
r-oldrel-macos-arm64 5.1.0 291.00 NOTE
r-oldrel-macos-x86_64 5.1.0 512.00 NOTE
r-oldrel-windows-x86_64 5.1.0 165.00 1190.00 1355.00 NOTE

Check Details

Version: 5.1.0
Check: package dependencies
Result: NOTE Packages suggested but not available for checking: 'BPCells', 'presto' Flavors: r-devel-linux-x86_64-debian-clang, r-devel-linux-x86_64-debian-gcc, r-devel-linux-x86_64-fedora-gcc, r-devel-windows-x86_64, r-patched-linux-x86_64, r-release-linux-x86_64, r-release-windows-x86_64, r-oldrel-windows-x86_64

Version: 5.1.0
Check: package dependencies
Result: NOTE Packages suggested but not available for checking: 'BPCells', 'presto' Imports includes 47 non-default packages. Importing from so many packages makes the package vulnerable to any of them becoming unavailable. Move as many as possible to Suggests and use conditionally. Flavor: r-devel-linux-x86_64-fedora-clang

Version: 5.1.0
Check: Rd cross-references
Result: NOTE Undeclared package ‘Signac’ in Rd xrefs Flavor: r-devel-linux-x86_64-fedora-clang

Version: 5.1.0
Check: Rd cross-references
Result: NOTE Found the following Rd file(s) with Rd \link{} targets missing package anchors: CCAIntegration.Rd: DimReduc FindNeighbors.Rd: Neighbor, Graph, Graphs FindTransferAnchors.Rd: RANN, RcppAnnoy IntegrateData.Rd: DimReduc, RANN, Assay IntegrateEmbeddings.Rd: DimReduc JointPCAIntegration.Rd: DimReduc PrepSCTIntegration.Rd: Assay RPCAIntegration.Rd: DimReduc RunCCA.Rd: merge.Seurat SCTAssay-class.Rd: Assay TopNeighbors.Rd: Neighbor TransferData.Rd: DimReduc, RANN fortify-Spatial.Rd: Segmentation-class, Centroids-class, Molecules-class Please provide package anchors for all Rd \link{} targets not in the package itself and the base packages. Flavor: r-devel-windows-x86_64

Version: 5.1.0
Check: package dependencies
Result: NOTE Packages suggested but not available for checking: 'BPCells', 'monocle', 'presto' Flavors: r-release-macos-arm64, r-release-macos-x86_64, r-oldrel-macos-arm64

Version: 5.1.0
Check: installed package size
Result: NOTE installed size is 11.2Mb sub-directories of 1Mb or more: R 2.1Mb libs 8.2Mb Flavors: r-release-macos-arm64, r-release-macos-x86_64, r-oldrel-macos-arm64, r-oldrel-macos-x86_64

Version: 5.1.0
Check: package dependencies
Result: NOTE Packages suggested but not available for checking: 'arrow', 'BPCells', 'monocle', 'presto' Flavor: r-oldrel-macos-x86_64