CRAN Package Check Results for Package Seurat

Last updated on 2022-10-05 00:52:53 CEST.

Flavor Version Tinstall Tcheck Ttotal Status Flags
r-devel-linux-x86_64-debian-clang 4.2.0 138.80 470.71 609.51 NOTE
r-devel-linux-x86_64-debian-gcc 4.2.0 114.04 340.12 454.16 NOTE
r-devel-linux-x86_64-fedora-clang 4.2.0 838.14 NOTE
r-devel-linux-x86_64-fedora-gcc 4.2.0 739.43 OK
r-devel-windows-x86_64 4.2.0 183.00 543.00 726.00 OK
r-patched-linux-x86_64 4.2.0 131.80 433.94 565.74 NOTE
r-release-linux-x86_64 4.2.0 114.26 428.82 543.08 NOTE
r-release-macos-arm64 4.2.0 150.00 NOTE
r-release-macos-x86_64 4.2.0 236.00 NOTE
r-release-windows-x86_64 4.2.0 161.00 506.00 667.00 OK
r-oldrel-macos-arm64 4.2.0 139.00 NOTE
r-oldrel-macos-x86_64 4.2.0 229.00 NOTE
r-oldrel-windows-ix86+x86_64 4.2.0 308.00 740.00 1048.00 OK

Check Details

Version: 4.2.0
Check: package dependencies
Result: NOTE
    Package suggested but not available for checking: 'hdf5r'
Flavors: r-devel-linux-x86_64-debian-clang, r-devel-linux-x86_64-debian-gcc, r-patched-linux-x86_64, r-release-linux-x86_64

Version: 4.2.0
Check: package dependencies
Result: NOTE
    Imports includes 41 non-default packages.
    Importing from so many packages makes the package vulnerable to any of
    them becoming unavailable. Move as many as possible to Suggests and
    use conditionally.
Flavor: r-devel-linux-x86_64-fedora-clang

Version: 4.2.0
Check: Rd cross-references
Result: NOTE
    Undeclared package ‘Signac’ in Rd xrefs
Flavor: r-devel-linux-x86_64-fedora-clang

Version: 4.2.0
Check: package dependencies
Result: NOTE
    Package suggested but not available for checking: ‘monocle’
Flavors: r-release-macos-arm64, r-oldrel-macos-arm64

Version: 4.2.0
Check: installed package size
Result: NOTE
     installed size is 10.6Mb
     sub-directories of 1Mb or more:
     R 2.1Mb
     libs 7.8Mb
Flavors: r-release-macos-arm64, r-release-macos-x86_64, r-oldrel-macos-arm64, r-oldrel-macos-x86_64