CRAN Package Check Results for Package ShapleyValue

Last updated on 2021-10-20 10:53:19 CEST.

Flavor Version Tinstall Tcheck Ttotal Status Flags
r-devel-linux-x86_64-debian-clang 0.2.0 2.43 27.93 30.36 OK
r-devel-linux-x86_64-debian-gcc 0.2.0 1.91 21.94 23.85 OK
r-devel-linux-x86_64-fedora-clang 0.2.0 47.26 NOTE
r-devel-linux-x86_64-fedora-gcc 0.2.0 38.56 NOTE
r-devel-windows-x86_64 0.2.0 6.00 47.00 53.00 OK
r-devel-windows-x86_64-gcc10-UCRT 0.2.0 NOTE
r-patched-linux-x86_64 0.2.0 2.26 26.94 29.20 OK
r-patched-solaris-x86 0.2.0 53.10 NOTE
r-release-linux-x86_64 0.2.0 2.21 27.41 29.62 OK
r-release-macos-arm64 0.2.0 NOTE
r-release-macos-x86_64 0.2.0 NOTE
r-release-windows-ix86+x86_64 0.2.0 7.00 47.00 54.00 OK
r-oldrel-macos-x86_64 0.2.0 NOTE
r-oldrel-windows-ix86+x86_64 0.2.0 9.00 48.00 57.00 OK

Check Details

Version: 0.2.0
Check: dependencies in R code
Result: NOTE
    Namespaces in Imports field not imported from:
     ‘MASS’ ‘kableExtra’ ‘tidyverse’
     All declared Imports should be used.
Flavors: r-devel-linux-x86_64-fedora-clang, r-devel-linux-x86_64-fedora-gcc, r-devel-windows-x86_64-gcc10-UCRT, r-patched-solaris-x86, r-release-macos-arm64, r-release-macos-x86_64, r-oldrel-macos-x86_64