CRAN Package Check Results for Package ShiftConvolvePoibin

Last updated on 2022-01-18 00:48:57 CET.

Flavor Version Tinstall Tcheck Ttotal Status Flags
r-devel-linux-x86_64-debian-clang 1.0.0 3.92 29.73 33.65 NOTE
r-devel-linux-x86_64-debian-gcc 1.0.0 3.89 23.52 27.41 NOTE
r-devel-linux-x86_64-fedora-clang 1.0.0 42.84 NOTE
r-devel-linux-x86_64-fedora-gcc 1.0.0 33.55 NOTE
r-devel-windows-x86_64-new-UL 1.0.0 59.00 44.00 103.00 NOTE
r-devel-windows-x86_64-new-TK 1.0.0 NOTE
r-patched-linux-x86_64 1.0.0 5.54 29.53 35.07 NOTE
r-release-linux-x86_64 1.0.0 NOTE
r-release-macos-arm64 1.0.0 NOTE
r-release-macos-x86_64 1.0.0 NOTE
r-release-windows-ix86+x86_64 1.0.0 27.00 43.00 70.00 NOTE
r-oldrel-macos-x86_64 1.0.0 OK
r-oldrel-windows-ix86+x86_64 1.0.0 20.00 46.00 66.00 OK

Check Details

Version: 1.0.0
Check: LazyData
Result: NOTE
     'LazyData' is specified without a 'data' directory
Flavors: r-devel-linux-x86_64-debian-clang, r-devel-linux-x86_64-debian-gcc, r-devel-linux-x86_64-fedora-clang, r-devel-linux-x86_64-fedora-gcc, r-devel-windows-x86_64-new-UL, r-devel-windows-x86_64-new-TK, r-patched-linux-x86_64, r-release-linux-x86_64, r-release-macos-arm64, r-release-macos-x86_64, r-release-windows-ix86+x86_64