CRAN Package Check Results for Package ShinyItemAnalysis

Last updated on 2018-11-17 13:47:44 CET.

Flavor Version Tinstall Tcheck Ttotal Status Flags
r-devel-linux-x86_64-debian-clang 1.2.8 8.19 89.30 97.49 OK
r-devel-linux-x86_64-debian-gcc 1.2.8 7.59 71.40 78.99 OK
r-devel-linux-x86_64-fedora-clang 1.2.8 129.42 NOTE
r-devel-linux-x86_64-fedora-gcc 1.2.8 110.04 NOTE
r-devel-windows-ix86+x86_64 1.2.8 23.00 151.00 174.00 OK
r-patched-linux-x86_64 1.2.8 7.18 86.08 93.26 OK
r-patched-solaris-x86 1.2.8 185.00 NOTE
r-release-linux-x86_64 1.2.8 8.58 85.72 94.30 OK
r-release-windows-ix86+x86_64 1.2.8 30.00 107.00 137.00 OK
r-release-osx-x86_64 1.2.8 NOTE
r-oldrel-windows-ix86+x86_64 1.2.8 29.00 158.00 187.00 OK
r-oldrel-osx-x86_64 1.2.8 NOTE

Check Details

Version: 1.2.8
Check: dependencies in R code
Result: NOTE
    Namespaces in Imports field not imported from:
     ‘DT’ ‘data.table’ ‘gridExtra’ ‘knitr’ ‘latticeExtra’ ‘msm’ ‘plotly’
     ‘shinyBS’ ‘shinydashboard’ ‘xtable’
     All declared Imports should be used.
Flavors: r-devel-linux-x86_64-fedora-clang, r-devel-linux-x86_64-fedora-gcc, r-patched-solaris-x86, r-release-osx-x86_64, r-oldrel-osx-x86_64