CRAN Package Check Results for Package ShinyItemAnalysis

Last updated on 2019-03-21 04:52:20 CET.

Flavor Version Tinstall Tcheck Ttotal Status Flags
r-devel-linux-x86_64-debian-clang 1.3.0 13.35 92.87 106.22 OK
r-devel-linux-x86_64-debian-gcc 1.3.0 10.07 72.05 82.12 OK
r-devel-linux-x86_64-fedora-clang 1.3.0 131.04 NOTE
r-devel-linux-x86_64-fedora-gcc 1.3.0 120.22 NOTE
r-devel-windows-ix86+x86_64 1.3.0 39.00 141.00 180.00 OK
r-patched-linux-x86_64 1.3.0 8.87 87.14 96.01 OK
r-patched-solaris-x86 1.3.0 203.00 NOTE
r-release-linux-x86_64 1.3.0 8.72 88.14 96.86 OK
r-release-windows-ix86+x86_64 1.3.0 17.00 138.00 155.00 OK
r-release-osx-x86_64 1.3.0 NOTE
r-oldrel-windows-ix86+x86_64 1.3.0 22.00 153.00 175.00 OK
r-oldrel-osx-x86_64 1.3.0 NOTE

Check Details

Version: 1.3.0
Check: dependencies in R code
Result: NOTE
    Namespaces in Imports field not imported from:
     ‘DT’ ‘data.table’ ‘ggdendro’ ‘gridExtra’ ‘knitr’ ‘latticeExtra’ ‘msm’
     ‘plotly’ ‘shinyBS’ ‘shinydashboard’ ‘xtable’
     All declared Imports should be used.
Flavors: r-devel-linux-x86_64-fedora-clang, r-devel-linux-x86_64-fedora-gcc, r-patched-solaris-x86, r-release-osx-x86_64, r-oldrel-osx-x86_64