CRAN Package Check Results for Package ShinyItemAnalysis

Last updated on 2020-02-25 13:48:12 CET.

Flavor Version Tinstall Tcheck Ttotal Status Flags
r-devel-linux-x86_64-debian-clang 1.3.2 16.30 159.36 175.66 OK
r-devel-linux-x86_64-debian-gcc 1.3.2 14.45 118.52 132.97 OK
r-devel-linux-x86_64-fedora-clang 1.3.2 204.34 NOTE
r-devel-linux-x86_64-fedora-gcc 1.3.2 200.69 NOTE
r-devel-windows-ix86+x86_64 1.3.2 38.00 164.00 202.00 OK
r-devel-windows-ix86+x86_64-gcc8 1.3.2 40.00 162.00 202.00 OK
r-patched-linux-x86_64 1.3.2 15.61 135.73 151.34 OK
r-patched-solaris-x86 1.3.2 285.30 NOTE
r-release-linux-x86_64 1.3.2 14.60 135.05 149.65 OK
r-release-windows-ix86+x86_64 1.3.2 29.00 147.00 176.00 OK
r-release-osx-x86_64 1.3.2 NOTE
r-oldrel-windows-ix86+x86_64 1.3.2 20.00 153.00 173.00 OK
r-oldrel-osx-x86_64 1.3.2 NOTE

Check Details

Version: 1.3.2
Check: package dependencies
Result: NOTE
    Imports includes 30 non-default packages.
    Importing from so many packages makes the package vulnerable to any of
    them becoming unavailable. Move as many as possible to Suggests and
    use conditionally.
Flavor: r-devel-linux-x86_64-fedora-clang

Version: 1.3.2
Check: dependencies in R code
Result: NOTE
    Namespaces in Imports field not imported from:
     ‘DT’ ‘VGAM’ ‘data.table’ ‘ggdendro’ ‘gridExtra’ ‘knitr’
     ‘latticeExtra’ ‘msm’ ‘plotly’ ‘shinyBS’ ‘shinydashboard’ ‘xtable’
     All declared Imports should be used.
Flavors: r-devel-linux-x86_64-fedora-clang, r-devel-linux-x86_64-fedora-gcc, r-patched-solaris-x86, r-release-osx-x86_64, r-oldrel-osx-x86_64