Last updated on 2021-04-16 09:50:17 CEST.
Flavor | Version | Tinstall | Tcheck | Ttotal | Status | Flags |
---|---|---|---|---|---|---|
r-devel-linux-x86_64-debian-clang | 1.3.6 | 20.59 | 177.38 | 197.97 | OK | |
r-devel-linux-x86_64-debian-gcc | 1.3.6 | 15.95 | 134.43 | 150.38 | OK | |
r-devel-linux-x86_64-fedora-clang | 1.3.6 | 255.65 | NOTE | |||
r-devel-linux-x86_64-fedora-gcc | 1.3.6 | 243.82 | NOTE | |||
r-devel-windows-ix86+x86_64 | 1.3.6 | 57.00 | 206.00 | 263.00 | OK | |
r-devel-windows-x86_64-gcc10-UCRT | 1.3.6 | NOTE | ||||
r-patched-linux-x86_64 | 1.3.6 | 19.89 | 164.49 | 184.38 | OK | |
r-patched-solaris-x86 | 1.3.6 | 343.20 | NOTE | |||
r-release-linux-x86_64 | 1.3.6 | 20.80 | 163.29 | 184.09 | OK | |
r-release-macos-x86_64 | 1.3.6 | NOTE | ||||
r-release-windows-ix86+x86_64 | 1.3.6 | 49.00 | 214.00 | 263.00 | OK | |
r-oldrel-macos-x86_64 | 1.3.6 | NOTE | ||||
r-oldrel-windows-ix86+x86_64 | 1.3.6 | 32.00 | 195.00 | 227.00 | OK |
Version: 1.3.6
Check: package dependencies
Result: NOTE
Imports includes 34 non-default packages.
Importing from so many packages makes the package vulnerable to any of
them becoming unavailable. Move as many as possible to Suggests and
use conditionally.
Flavor: r-devel-linux-x86_64-fedora-clang
Version: 1.3.6
Check: dependencies in R code
Result: NOTE
Namespaces in Imports field not imported from:
‘DT’ ‘VGAM’ ‘data.table’ ‘ggdendro’ ‘gridExtra’ ‘knitr’
‘latticeExtra’ ‘msm’ ‘plotly’ ‘purrr’ ‘shinyBS’ ‘shinydashboard’
‘xtable’
All declared Imports should be used.
Flavors: r-devel-linux-x86_64-fedora-clang, r-devel-linux-x86_64-fedora-gcc, r-devel-windows-x86_64-gcc10-UCRT, r-patched-solaris-x86, r-release-macos-x86_64, r-oldrel-macos-x86_64
Version: 1.3.6
Check: Rd cross-references
Result: NOTE
Undeclared package ‘CTT’ in Rd xrefs
Flavor: r-devel-linux-x86_64-fedora-clang
Version: 1.3.6
Check: installed package size
Result: NOTE
installed size is 5.0Mb
sub-directories of 1Mb or more:
data 1.3Mb
shiny-examples 3.1Mb
Flavor: r-patched-solaris-x86