CRAN Package Check Results for Package ShinyItemAnalysis

Last updated on 2022-01-20 14:55:44 CET.

Flavor Version Tinstall Tcheck Ttotal Status Flags
r-devel-linux-x86_64-debian-clang 1.4.0 OK
r-devel-linux-x86_64-debian-gcc 1.4.0 16.31 123.60 139.91 OK
r-devel-linux-x86_64-fedora-clang 1.4.0 224.91 NOTE
r-devel-linux-x86_64-fedora-gcc 1.4.0 211.65 OK
r-devel-windows-x86_64-new-UL 1.4.0 664.00 211.00 875.00 OK
r-devel-windows-x86_64-new-TK 1.4.0 OK
r-patched-linux-x86_64 1.4.0 24.75 156.98 181.73 OK
r-release-linux-x86_64 1.4.0 19.99 157.46 177.45 OK
r-release-macos-arm64 1.4.0 OK
r-release-macos-x86_64 1.4.0 OK
r-release-windows-ix86+x86_64 1.4.0 39.00 193.00 232.00 OK
r-oldrel-macos-x86_64 1.4.0 OK
r-oldrel-windows-ix86+x86_64 1.4.0 41.00 187.00 228.00 OK

Check Details

Version: 1.4.0
Check: Rd cross-references
Result: NOTE
    Undeclared package ‘CTT’ in Rd xrefs
Flavor: r-devel-linux-x86_64-fedora-clang