CRAN Package Check Results for Package ShinyItemAnalysis

Last updated on 2023-10-03 23:15:30 CEST.

Flavor Version Tinstall Tcheck Ttotal Status Flags
r-devel-linux-x86_64-debian-clang 1.5.0 25.49 202.91 228.40 OK
r-devel-linux-x86_64-debian-gcc 1.5.0 17.49 147.92 165.41 OK
r-devel-linux-x86_64-fedora-clang 1.5.0 296.90 OK
r-devel-linux-x86_64-fedora-gcc 1.5.0 276.60 OK
r-devel-windows-x86_64 1.5.0 24.00 171.00 195.00 OK
r-patched-linux-x86_64 1.5.0 30.78 191.16 221.94 OK
r-release-linux-x86_64 1.5.0 22.86 195.64 218.50 OK
r-release-macos-arm64 1.5.0 73.00 OK
r-release-macos-x86_64 1.5.0 184.00 NOTE
r-release-windows-x86_64 1.5.0 32.00 209.00 241.00 OK
r-oldrel-macos-arm64 1.5.0 70.00 OK
r-oldrel-macos-x86_64 1.5.0 103.00 OK
r-oldrel-windows-x86_64 1.5.0 30.00 190.00 220.00 OK

Check Details

Version: 1.5.0
Check: installed package size
Result: NOTE
     installed size is 5.3Mb
     sub-directories of 1Mb or more:
     ShinyItemAnalysis 2.3Mb
     data 2.3Mb
Flavor: r-release-macos-x86_64