CRAN Package Check Results for Package ShinyTester

Last updated on 2022-09-24 22:54:47 CEST.

Flavor Version Tinstall Tcheck Ttotal Status Flags
r-devel-linux-x86_64-debian-clang 0.1.0 5.60 54.17 59.77 NOTE
r-devel-linux-x86_64-debian-gcc 0.1.0 5.03 39.92 44.95 NOTE
r-devel-linux-x86_64-fedora-clang 0.1.0 82.59 NOTE
r-devel-linux-x86_64-fedora-gcc 0.1.0 83.76 NOTE
r-devel-windows-x86_64 0.1.0 11.00 81.00 92.00 NOTE
r-patched-linux-x86_64 0.1.0 3.68 51.60 55.28 NOTE
r-release-linux-x86_64 0.1.0 4.34 50.31 54.65 NOTE
r-release-macos-arm64 0.1.0 22.00 NOTE
r-release-macos-x86_64 0.1.0 44.00 NOTE
r-release-windows-x86_64 0.1.0 12.00 74.00 86.00 NOTE
r-oldrel-macos-arm64 0.1.0 27.00 NOTE
r-oldrel-macos-x86_64 0.1.0 41.00 NOTE
r-oldrel-windows-ix86+x86_64 0.1.0 15.00 79.00 94.00 NOTE

Check Details

Version: 0.1.0
Check: LazyData
Result: NOTE
     'LazyData' is specified without a 'data' directory
Flavors: r-devel-linux-x86_64-debian-clang, r-devel-linux-x86_64-debian-gcc, r-devel-linux-x86_64-fedora-clang, r-devel-linux-x86_64-fedora-gcc, r-devel-windows-x86_64, r-patched-linux-x86_64, r-release-linux-x86_64, r-release-macos-arm64, r-release-macos-x86_64, r-release-windows-x86_64, r-oldrel-macos-arm64, r-oldrel-macos-x86_64, r-oldrel-windows-ix86+x86_64