CRAN Package Check Results for Package SiPhyNetwork

Last updated on 2024-03-04 12:52:28 CET.

Flavor Version Tinstall Tcheck Ttotal Status Flags
r-devel-linux-x86_64-debian-clang 1.1.0 25.79 88.00 113.79 NOTE
r-devel-linux-x86_64-debian-gcc 1.1.0 18.76 63.07 81.83 NOTE
r-devel-linux-x86_64-fedora-clang 1.1.0 148.95 NOTE
r-devel-linux-x86_64-fedora-gcc 1.1.0 154.58 NOTE
r-devel-windows-x86_64 1.1.0 21.00 101.00 122.00 NOTE
r-patched-linux-x86_64 1.1.0 27.69 84.64 112.33 OK
r-release-linux-x86_64 1.1.0 27.02 84.52 111.54 OK
r-release-macos-arm64 1.1.0 51.00 OK
r-release-macos-x86_64 1.1.0 88.00 OK
r-release-windows-x86_64 1.1.0 29.00 123.00 152.00 OK
r-oldrel-macos-arm64 1.1.0 39.00 OK
r-oldrel-windows-x86_64 1.1.0 27.00 115.00 142.00 OK

Check Details

Version: 1.1.0
Check: Rd files
Result: NOTE checkRd: (-1) sim.bdh.age.Rd:66: Lost braces in \itemize; meant \describe ? checkRd: (-1) sim.bdh.age.Rd:67: Lost braces in \itemize; meant \describe ? checkRd: (-1) sim.bdh.age.Rd:68: Lost braces in \itemize; meant \describe ? checkRd: (-1) sim.bdh.age.Rd:69: Lost braces in \itemize; meant \describe ? checkRd: (-1) sim.bdh.age.Rd:70: Lost braces in \itemize; meant \describe ? checkRd: (-1) sim.bdh.taxa.gsa.Rd:69: Lost braces in \itemize; meant \describe ? checkRd: (-1) sim.bdh.taxa.gsa.Rd:70: Lost braces in \itemize; meant \describe ? checkRd: (-1) sim.bdh.taxa.gsa.Rd:71: Lost braces in \itemize; meant \describe ? checkRd: (-1) sim.bdh.taxa.gsa.Rd:72: Lost braces in \itemize; meant \describe ? checkRd: (-1) sim.bdh.taxa.gsa.Rd:73: Lost braces in \itemize; meant \describe ? checkRd: (-1) sim.bdh.taxa.ssa.Rd:66: Lost braces in \itemize; meant \describe ? checkRd: (-1) sim.bdh.taxa.ssa.Rd:67: Lost braces in \itemize; meant \describe ? checkRd: (-1) sim.bdh.taxa.ssa.Rd:68: Lost braces in \itemize; meant \describe ? checkRd: (-1) sim.bdh.taxa.ssa.Rd:69: Lost braces in \itemize; meant \describe ? checkRd: (-1) sim.bdh.taxa.ssa.Rd:70: Lost braces in \itemize; meant \describe ? Flavors: r-devel-linux-x86_64-debian-clang, r-devel-linux-x86_64-debian-gcc, r-devel-linux-x86_64-fedora-clang, r-devel-linux-x86_64-fedora-gcc, r-devel-windows-x86_64