CRAN Package Check Results for Package SigOptR

Last updated on 2021-12-08 16:50:49 CET.

Flavor Version Tinstall Tcheck Ttotal Status Flags
r-devel-linux-x86_64-debian-clang 0.0.1 2.18 28.30 30.48 NOTE
r-devel-linux-x86_64-debian-gcc 0.0.1 1.25 22.20 23.45 NOTE
r-devel-linux-x86_64-fedora-clang 0.0.1 38.41 NOTE
r-devel-linux-x86_64-fedora-gcc 0.0.1 27.13 NOTE
r-devel-windows-x86_64-new-UL 0.0.1 6.00 55.00 61.00 NOTE
r-devel-windows-x86_64-new-TK 0.0.1 NOTE
r-devel-windows-x86_64-old 0.0.1 4.00 35.00 39.00 NOTE
r-patched-linux-x86_64 0.0.1 2.32 26.96 29.28 NOTE
r-release-linux-x86_64 0.0.1 1.84 27.41 29.25 NOTE
r-release-macos-arm64 0.0.1 NOTE
r-release-macos-x86_64 0.0.1 NOTE
r-release-windows-ix86+x86_64 0.0.1 3.00 35.00 38.00 NOTE
r-oldrel-macos-x86_64 0.0.1 OK
r-oldrel-windows-ix86+x86_64 0.0.1 4.00 38.00 42.00 OK

Check Details

Version: 0.0.1
Check: LazyData
Result: NOTE
     'LazyData' is specified without a 'data' directory
Flavors: r-devel-linux-x86_64-debian-clang, r-devel-linux-x86_64-debian-gcc, r-devel-linux-x86_64-fedora-clang, r-devel-linux-x86_64-fedora-gcc, r-devel-windows-x86_64-new-UL, r-devel-windows-x86_64-new-TK, r-devel-windows-x86_64-old, r-patched-linux-x86_64, r-release-linux-x86_64, r-release-macos-arm64, r-release-macos-x86_64, r-release-windows-ix86+x86_64