CRAN Package Check Results for Package SightabilityModel

Last updated on 2024-02-27 04:07:19 CET.

Flavor Version Tinstall Tcheck Ttotal Status Flags
r-devel-linux-x86_64-debian-clang 1.5.5 12.46 273.80 286.26 OK
r-devel-linux-x86_64-debian-gcc 1.5.5 8.48 197.53 206.01 OK
r-devel-linux-x86_64-fedora-clang 1.5.5 348.38 WARN
r-devel-linux-x86_64-fedora-gcc 1.5.5 356.20 WARN
r-devel-windows-x86_64 1.5.5 11.00 255.00 266.00 OK
r-patched-linux-x86_64 1.5.5 14.91 267.22 282.13 OK
r-release-linux-x86_64 1.5.5 10.99 266.23 277.22 OK
r-release-macos-arm64 1.5.5 116.00 OK
r-release-macos-x86_64 1.5.5 280.00 OK
r-release-windows-x86_64 1.5.5 15.00 278.00 293.00 OK
r-oldrel-macos-arm64 1.5.5 107.00 OK
r-oldrel-windows-x86_64 1.5.5 17.00 285.00 302.00 OK

Check Details

Version: 1.5.5
Check: sizes of PDF files under ‘inst/doc’
Result: WARN ‘gs+qpdf’ made some significant size reductions: compacted ‘a-SightabilityModel.pdf’ from 399Kb to 140Kb consider running tools::compactPDF(gs_quality = "ebook") on these files, or build the source package with --compact-vignettes=both Flavors: r-devel-linux-x86_64-fedora-clang, r-devel-linux-x86_64-fedora-gcc