Last updated on 2023-02-01 15:51:37 CET.
Flavor | Version | Tinstall | Tcheck | Ttotal | Status | Flags |
---|---|---|---|---|---|---|
r-devel-linux-x86_64-debian-clang | 2.10 | 12.17 | 130.31 | 142.48 | OK | |
r-devel-linux-x86_64-debian-gcc | 2.10 | 10.60 | 95.28 | 105.88 | OK | |
r-devel-linux-x86_64-fedora-clang | 2.10 | 171.70 | NOTE | |||
r-devel-linux-x86_64-fedora-gcc | 2.10 | 183.28 | OK | |||
r-devel-windows-x86_64 | 2.10 | 66.00 | 202.00 | 268.00 | NOTE | |
r-patched-linux-x86_64 | 2.10 | 15.18 | 120.15 | 135.33 | OK | |
r-release-linux-x86_64 | 2.10 | 13.29 | 115.68 | 128.97 | OK | |
r-release-macos-arm64 | 2.10 | 48.00 | NOTE | |||
r-release-macos-x86_64 | 2.10 | 69.00 | NOTE | |||
r-release-windows-x86_64 | 2.10 | 60.00 | 181.00 | 241.00 | NOTE | |
r-oldrel-macos-arm64 | 2.10 | 45.00 | NOTE | |||
r-oldrel-macos-x86_64 | 2.10 | 78.00 | NOTE | |||
r-oldrel-windows-ix86+x86_64 | 2.10 | 25.00 | 165.00 | 190.00 | NOTE |
Version: 2.10
Check: installed package size
Result: NOTE
installed size is 6.8Mb
sub-directories of 1Mb or more:
doc 6.3Mb
Flavors: r-devel-linux-x86_64-fedora-clang, r-devel-windows-x86_64, r-release-macos-arm64, r-release-macos-x86_64, r-release-windows-x86_64, r-oldrel-macos-arm64, r-oldrel-macos-x86_64, r-oldrel-windows-ix86+x86_64
Version: 2.10
Check: package dependencies
Result: NOTE
Package suggested but not available for checking: ‘doMPI’
Flavors: r-release-macos-arm64, r-release-macos-x86_64, r-oldrel-macos-arm64, r-oldrel-macos-x86_64