Last updated on 2023-06-02 12:57:27 CEST.
Flavor | Version | Tinstall | Tcheck | Ttotal | Status | Flags |
---|---|---|---|---|---|---|
r-devel-linux-x86_64-debian-clang | 2.11 | 13.62 | 136.82 | 150.44 | OK | |
r-devel-linux-x86_64-debian-gcc | 2.11 | 9.51 | 101.50 | 111.01 | OK | |
r-devel-linux-x86_64-fedora-clang | 2.11 | 184.58 | NOTE | |||
r-devel-linux-x86_64-fedora-gcc | 2.11 | 205.63 | OK | |||
r-devel-windows-x86_64 | 2.11 | 14.00 | 130.00 | 144.00 | NOTE | |
r-patched-linux-x86_64 | 2.11 | OK | ||||
r-release-linux-x86_64 | 2.11 | 14.36 | 126.14 | 140.50 | OK | |
r-release-macos-arm64 | 2.11 | 65.00 | NOTE | |||
r-release-macos-x86_64 | 2.10.1 | 102.00 | NOTE | |||
r-release-windows-x86_64 | 2.11 | 17.00 | 163.00 | 180.00 | NOTE | |
r-oldrel-macos-arm64 | 2.11 | 54.00 | NOTE | |||
r-oldrel-macos-x86_64 | 2.11 | 72.00 | NOTE | |||
r-oldrel-windows-x86_64 | 2.11 | 16.00 | 151.00 | 167.00 | NOTE |
Version: 2.11
Check: installed package size
Result: NOTE
installed size is 5.8Mb
sub-directories of 1Mb or more:
doc 5.2Mb
Flavors: r-devel-linux-x86_64-fedora-clang, r-devel-windows-x86_64, r-release-macos-arm64, r-release-windows-x86_64, r-oldrel-macos-arm64, r-oldrel-macos-x86_64, r-oldrel-windows-x86_64
Version: 2.11
Check: package dependencies
Result: NOTE
Package suggested but not available for checking: ‘doMPI’
Flavors: r-release-macos-arm64, r-oldrel-macos-arm64, r-oldrel-macos-x86_64
Version: 2.10.1
Check: package dependencies
Result: NOTE
Package suggested but not available for checking: ‘doMPI’
Flavor: r-release-macos-x86_64
Version: 2.10.1
Check: installed package size
Result: NOTE
installed size is 6.8Mb
sub-directories of 1Mb or more:
doc 6.2Mb
Flavor: r-release-macos-x86_64