CRAN Package Check Results for Package SimHaz

Last updated on 2021-06-13 12:50:33 CEST.

Flavor Version Tinstall Tcheck Ttotal Status Flags
r-devel-linux-x86_64-debian-clang 0.1 6.03 65.50 71.53 NOTE
r-devel-linux-x86_64-debian-gcc 0.1 6.14 50.78 56.92 NOTE
r-devel-linux-x86_64-fedora-clang 0.1 96.66 NOTE
r-devel-linux-x86_64-fedora-gcc 0.1 84.87 NOTE
r-devel-windows-x86_64 0.1 11.00 61.00 72.00 OK
r-devel-windows-x86_64-gcc10-UCRT 0.1 OK
r-patched-linux-x86_64 0.1 6.94 63.47 70.41 NOTE
r-patched-solaris-x86 0.1 130.50 NOTE
r-release-linux-x86_64 0.1 6.99 62.65 69.64 NOTE
r-release-macos-arm64 0.1 OK
r-release-macos-x86_64 0.1 OK
r-release-windows-ix86+x86_64 0.1 12.00 84.00 96.00 OK
r-oldrel-macos-x86_64 0.1 OK
r-oldrel-windows-ix86+x86_64 0.1 16.00 86.00 102.00 OK

Check Details

Version: 0.1
Check: for non-standard things in the check directory
Result: NOTE
    Found the following files/directories:
     'database.csv' 'output.csv' 'output_clst.csv'
Flavors: r-devel-linux-x86_64-debian-clang, r-devel-linux-x86_64-debian-gcc, r-devel-linux-x86_64-fedora-clang, r-devel-linux-x86_64-fedora-gcc, r-patched-linux-x86_64, r-patched-solaris-x86, r-release-linux-x86_64