CRAN Package Check Results for Package SimHaz

Last updated on 2021-10-19 04:52:07 CEST.

Flavor Version Tinstall Tcheck Ttotal Status Flags
r-devel-linux-x86_64-debian-clang 0.1 6.89 63.38 70.27 NOTE
r-devel-linux-x86_64-debian-gcc 0.1 5.42 49.06 54.48 NOTE
r-devel-linux-x86_64-fedora-clang 0.1 95.73 NOTE
r-devel-linux-x86_64-fedora-gcc 0.1 85.16 NOTE
r-devel-windows-x86_64 0.1 11.00 83.00 94.00 OK
r-devel-windows-x86_64-gcc10-UCRT 0.1 OK
r-patched-linux-x86_64 0.1 6.87 61.60 68.47 NOTE
r-patched-solaris-x86 0.1 129.00 NOTE
r-release-linux-x86_64 0.1 5.87 61.97 67.84 NOTE
r-release-macos-arm64 0.1 OK
r-release-macos-x86_64 0.1 OK
r-release-windows-ix86+x86_64 0.1 11.00 88.00 99.00 OK
r-oldrel-macos-x86_64 0.1 OK
r-oldrel-windows-ix86+x86_64 0.1 16.00 83.00 99.00 OK

Check Details

Version: 0.1
Check: for non-standard things in the check directory
Result: NOTE
    Found the following files/directories:
     'database.csv' 'output.csv' 'output_clst.csv'
Flavors: r-devel-linux-x86_64-debian-clang, r-devel-linux-x86_64-debian-gcc, r-devel-linux-x86_64-fedora-clang, r-devel-linux-x86_64-fedora-gcc, r-patched-linux-x86_64, r-patched-solaris-x86, r-release-linux-x86_64