CRAN Package Check Results for Package SimInf

Last updated on 2022-09-30 17:50:41 CEST.

Flavor Version Tinstall Tcheck Ttotal Status Flags
r-devel-linux-x86_64-debian-clang 9.2.0 28.17 285.40 313.57 OK
r-devel-linux-x86_64-debian-gcc 9.2.0 22.43 253.66 276.09 OK
r-devel-linux-x86_64-fedora-clang 9.2.0 413.54 OK
r-devel-linux-x86_64-fedora-gcc 9.2.0 393.95 OK
r-devel-windows-x86_64 9.2.0 86.00 380.00 466.00 OK
r-patched-linux-x86_64 9.2.0 27.42 263.44 290.86 OK
r-release-linux-x86_64 9.2.0 27.04 273.72 300.76 OK
r-release-macos-arm64 9.2.0 124.00 NOTE
r-release-macos-x86_64 9.2.0 169.00 NOTE
r-release-windows-x86_64 9.2.0 103.00 394.00 497.00 ERROR
r-oldrel-macos-arm64 9.2.0 113.00 NOTE
r-oldrel-macos-x86_64 9.2.0 167.00 NOTE
r-oldrel-windows-ix86+x86_64 9.2.0 73.00 536.00 609.00 NOTE

Check Details

Version: 9.2.0
Check: installed package size
Result: NOTE
     installed size is 6.4Mb
     sub-directories of 1Mb or more:
     data 1.9Mb
     libs 2.8Mb
Flavors: r-release-macos-arm64, r-release-macos-x86_64, r-oldrel-macos-arm64, r-oldrel-macos-x86_64, r-oldrel-windows-ix86+x86_64

Version: 9.2.0
Check: re-building of vignette outputs
Result: ERROR
    Error(s) in re-building vignettes:
    --- re-building 'SimInf.Rnw' using Sweave
    --- finished re-building 'SimInf.Rnw'
    
    --- re-building 'scheduled-events.Rmd' using rmarkdown
    Could not fetch https://info.orcid.org/wp-content/uploads/2019/11/orcid_16x16.png
    HttpExceptionRequest Request {
     host = "info.orcid.org"
     port = 443
     secure = True
     requestHeaders = []
     path = "/wp-content/uploads/2019/11/orcid_16x16.png"
     queryString = ""
     method = "GET"
     proxy = Nothing
     rawBody = False
     redirectCount = 10
     responseTimeout = ResponseTimeoutDefault
     requestVersion = HTTP/1.1
    }
     (ConnectionFailure user error (Network.Socket.gai_strerror not supported: 11001))
    Error: processing vignette 'scheduled-events.Rmd' failed with diagnostics:
    pandoc document conversion failed with error 61
    --- failed re-building 'scheduled-events.Rmd'
    
    SUMMARY: processing the following file failed:
     'scheduled-events.Rmd'
    
    Error: Vignette re-building failed.
    Execution halted
Flavor: r-release-windows-x86_64