CRAN Package Check Results for Package SimInf

Last updated on 2019-03-22 23:53:18 CET.

Flavor Version Tinstall Tcheck Ttotal Status Flags
r-devel-linux-x86_64-debian-clang 6.2.0 18.05 171.61 189.66 OK
r-devel-linux-x86_64-debian-gcc 6.2.0 17.22 136.60 153.82 OK
r-devel-linux-x86_64-fedora-clang 6.2.0 237.24 OK
r-devel-linux-x86_64-fedora-gcc 6.2.0 223.80 OK
r-devel-windows-ix86+x86_64 6.2.0 60.00 316.00 376.00 OK
r-patched-linux-x86_64 6.2.0 15.70 162.08 177.78 OK
r-patched-solaris-x86 6.2.0 375.10 OK
r-release-linux-x86_64 6.2.0 15.92 161.64 177.56 OK
r-release-windows-ix86+x86_64 6.2.0 41.00 289.00 330.00 OK
r-release-osx-x86_64 6.2.0 OK
r-oldrel-windows-ix86+x86_64 6.2.0 63.00 328.00 391.00 ERROR
r-oldrel-osx-x86_64 6.2.0 OK

Check Details

Version: 6.2.0
Check: running examples for arch ‘i386’
Result: ERROR
    Running examples in 'SimInf-Ex.R' failed
    The error most likely occurred in:
    
    > ### Name: distance_matrix
    > ### Title: Create a distance matrix between nodes for spatial models
    > ### Aliases: distance_matrix
    >
    > ### ** Examples
    >
    > ## Generate a grid 10 x 10 and place one node in each cell
    > ## separated by 100m.
    > nodes <- expand.grid(x = (0:9) * 100, y = (0:9) * 100)
    > plot(y ~ x, nodes)
    >
    > ## Define the cutoff to only include neighbors within 300m.
    > d <- distance_matrix(x = nodes$x, y = nodes$y, cutoff = 301)
    >
    > ## View the first 10 rows and columns in the distance matrix
    > d[1:10, 1:10]
    10 x 10 sparse Matrix of class "dgCMatrix"
    Error in isFALSE(suppRows) : could not find function "isFALSE"
    Calls: <Anonymous> -> <Anonymous> -> printSpMatrix2
    Execution halted
Flavor: r-oldrel-windows-ix86+x86_64

Version: 6.2.0
Check: running examples for arch ‘x64’
Result: ERROR
    Running examples in 'SimInf-Ex.R' failed
    The error most likely occurred in:
    
    > ### Name: distance_matrix
    > ### Title: Create a distance matrix between nodes for spatial models
    > ### Aliases: distance_matrix
    >
    > ### ** Examples
    >
    > ## Generate a grid 10 x 10 and place one node in each cell
    > ## separated by 100m.
    > nodes <- expand.grid(x = (0:9) * 100, y = (0:9) * 100)
    > plot(y ~ x, nodes)
    >
    > ## Define the cutoff to only include neighbors within 300m.
    > d <- distance_matrix(x = nodes$x, y = nodes$y, cutoff = 301)
    >
    > ## View the first 10 rows and columns in the distance matrix
    > d[1:10, 1:10]
    10 x 10 sparse Matrix of class "dgCMatrix"
    Error in isFALSE(suppRows) : could not find function "isFALSE"
    Calls: <Anonymous> -> <Anonymous> -> printSpMatrix2
    Execution halted
Flavor: r-oldrel-windows-ix86+x86_64