CRAN Package Check Results for Package SimPhe

Last updated on 2020-04-10 07:50:38 CEST.

Flavor Version Tinstall Tcheck Ttotal Status Flags
r-devel-linux-x86_64-debian-clang 0.2.0 2.85 29.74 32.59 NOTE
r-devel-linux-x86_64-debian-gcc 0.2.0 2.43 23.57 26.00 NOTE
r-devel-linux-x86_64-fedora-clang 0.2.0 40.06 NOTE
r-devel-linux-x86_64-fedora-gcc 0.2.0 40.33 NOTE
r-devel-windows-ix86+x86_64 0.2.0 7.00 48.00 55.00 OK
r-devel-windows-ix86+x86_64-gcc8 0.2.0 8.00 44.00 52.00 OK
r-patched-linux-x86_64 0.2.0 3.09 29.28 32.37 NOTE
r-patched-osx-x86_64 0.2.0 OK
r-patched-solaris-x86 0.2.0 61.30 NOTE
r-release-linux-x86_64 0.2.0 1.98 27.46 29.44 OK
r-release-windows-ix86+x86_64 0.2.0 6.00 72.00 78.00 OK
r-release-osx-x86_64 0.2.0 OK
r-oldrel-windows-ix86+x86_64 0.2.0 7.00 60.00 67.00 OK
r-oldrel-osx-x86_64 0.2.0 OK

Check Details

Version: 0.2.0
Check: for non-standard things in the check directory
Result: NOTE
    Found the following files/directories:
     'simu.pheno' 'usedpars.txt'
Flavors: r-devel-linux-x86_64-debian-clang, r-devel-linux-x86_64-debian-gcc, r-devel-linux-x86_64-fedora-clang, r-devel-linux-x86_64-fedora-gcc, r-patched-linux-x86_64, r-patched-solaris-x86