Last updated on 2022-05-21 22:58:25 CEST.
Flavor | Version | Tinstall | Tcheck | Ttotal | Status | Flags |
---|---|---|---|---|---|---|
r-devel-linux-x86_64-debian-clang | 0.2.0 | 2.20 | 43.00 | 45.20 | NOTE | |
r-devel-linux-x86_64-debian-gcc | 0.2.0 | 2.58 | 32.42 | 35.00 | NOTE | |
r-devel-linux-x86_64-fedora-clang | 0.2.0 | 54.94 | NOTE | |||
r-devel-linux-x86_64-fedora-gcc | 0.2.0 | 53.56 | NOTE | |||
r-devel-windows-x86_64 | 0.2.0 | 18.00 | 65.00 | 83.00 | OK | |
r-patched-linux-x86_64 | 0.2.0 | 3.78 | 39.98 | 43.76 | NOTE | |
r-release-linux-x86_64 | 0.2.0 | 2.83 | 41.08 | 43.91 | NOTE | |
r-release-macos-arm64 | 0.2.0 | 19.00 | OK | |||
r-release-macos-x86_64 | 0.2.0 | 27.00 | OK | |||
r-release-windows-x86_64 | 0.2.0 | 21.00 | 66.00 | 87.00 | OK | |
r-oldrel-macos-arm64 | 0.2.0 | 24.00 | OK | |||
r-oldrel-macos-x86_64 | 0.2.0 | 34.00 | OK | |||
r-oldrel-windows-ix86+x86_64 | 0.2.0 | 6.00 | 55.00 | 61.00 | OK |
Version: 0.2.0
Check: for non-standard things in the check directory
Result: NOTE
Found the following files/directories:
'simu.pheno' 'usedpars.txt'
Flavors: r-devel-linux-x86_64-debian-clang, r-devel-linux-x86_64-debian-gcc, r-devel-linux-x86_64-fedora-clang, r-devel-linux-x86_64-fedora-gcc, r-patched-linux-x86_64, r-release-linux-x86_64