Last updated on 2022-08-20 07:08:09 CEST.
Flavor | Version | Tinstall | Tcheck | Ttotal | Status | Flags |
---|---|---|---|---|---|---|
r-devel-linux-x86_64-debian-clang | 0.96 | 38.93 | 346.42 | 385.35 | NOTE | |
r-devel-linux-x86_64-debian-gcc | 0.96 | 32.72 | 266.89 | 299.61 | NOTE | |
r-devel-linux-x86_64-fedora-clang | 0.96 | 471.91 | NOTE | |||
r-devel-linux-x86_64-fedora-gcc | 0.96 | 474.53 | NOTE | |||
r-devel-windows-x86_64 | 0.96 | 50.00 | 334.00 | 384.00 | OK | |
r-patched-linux-x86_64 | 0.96 | 34.26 | 322.36 | 356.62 | NOTE | |
r-release-linux-x86_64 | 0.96 | NOTE | ||||
r-release-macos-arm64 | 0.96 | 117.00 | OK | |||
r-release-macos-x86_64 | 0.96 | 162.00 | OK | |||
r-release-windows-x86_64 | 0.96 | 38.00 | 357.00 | 395.00 | OK | |
r-oldrel-macos-arm64 | 0.96 | 144.00 | OK | |||
r-oldrel-macos-x86_64 | 0.96 | 269.00 | OK | |||
r-oldrel-windows-ix86+x86_64 | 0.96 | 81.00 | 339.00 | 420.00 | OK |
Version: 0.96
Check: for non-standard things in the check directory
Result: NOTE
Found the following files/directories:
'SimRAD-exampleRefSeq-Fasta.fa' 'SimRAD-exampleRefSeq.fa'
Flavors: r-devel-linux-x86_64-debian-clang, r-devel-linux-x86_64-debian-gcc, r-devel-linux-x86_64-fedora-clang, r-devel-linux-x86_64-fedora-gcc, r-patched-linux-x86_64, r-release-linux-x86_64