Last updated on 2023-06-01 09:56:43 CEST.
Flavor | Version | Tinstall | Tcheck | Ttotal | Status | Flags |
---|---|---|---|---|---|---|
r-devel-linux-x86_64-debian-clang | 0.96 | 37.47 | 364.83 | 402.30 | NOTE | |
r-devel-linux-x86_64-debian-gcc | 0.96 | 34.36 | 277.90 | 312.26 | NOTE | |
r-devel-linux-x86_64-fedora-clang | 0.96 | 512.59 | NOTE | |||
r-devel-linux-x86_64-fedora-gcc | 0.96 | 512.14 | NOTE | |||
r-devel-windows-x86_64 | 0.96 | 28.00 | 248.00 | 276.00 | OK | |
r-patched-linux-x86_64 | 0.96 | NOTE | ||||
r-release-linux-x86_64 | 0.96 | 38.92 | 347.84 | 386.76 | NOTE | |
r-release-macos-arm64 | 0.96 | 142.00 | OK | |||
r-release-macos-x86_64 | 0.96 | 267.00 | OK | |||
r-release-windows-x86_64 | 0.96 | 32.00 | 325.00 | 357.00 | OK | |
r-oldrel-macos-arm64 | 0.96 | 130.00 | OK | |||
r-oldrel-macos-x86_64 | 0.96 | 162.00 | OK | |||
r-oldrel-windows-x86_64 | 0.96 | 48.00 | 312.00 | 360.00 | OK |
Version: 0.96
Check: for non-standard things in the check directory
Result: NOTE
Found the following files/directories:
‘SimRAD-exampleRefSeq-Fasta.fa’ ‘SimRAD-exampleRefSeq.fa’
Flavors: r-devel-linux-x86_64-debian-clang, r-devel-linux-x86_64-debian-gcc, r-devel-linux-x86_64-fedora-clang, r-devel-linux-x86_64-fedora-gcc, r-patched-linux-x86_64, r-release-linux-x86_64