CRAN Package Check Results for Package SimReg

Last updated on 2021-10-16 16:49:37 CEST.

Flavor Version Tinstall Tcheck Ttotal Status Flags
r-devel-linux-x86_64-debian-clang 3.3 37.68 88.00 125.68 OK
r-devel-linux-x86_64-debian-gcc 3.3 27.19 66.83 94.02 OK
r-devel-linux-x86_64-fedora-clang 3.3 182.74 NOTE
r-devel-linux-x86_64-fedora-gcc 3.3 157.98 NOTE
r-devel-windows-x86_64 3.3 46.00 102.00 148.00 OK
r-devel-windows-x86_64-gcc10-UCRT 3.3 NOTE
r-patched-linux-x86_64 3.3 34.23 84.22 118.45 OK
r-patched-solaris-x86 3.3 205.60 NOTE
r-release-linux-x86_64 3.3 32.20 83.95 116.15 OK
r-release-macos-arm64 3.3 NOTE
r-release-macos-x86_64 3.3 NOTE
r-release-windows-ix86+x86_64 3.3 109.00 145.00 254.00 OK
r-oldrel-macos-x86_64 3.3 NOTE
r-oldrel-windows-ix86+x86_64 3.3 110.00 149.00 259.00 OK

Check Details

Version: 3.3
Check: dependencies in R code
Result: NOTE
    Namespace in Imports field not imported from: ‘Rcpp’
     All declared Imports should be used.
Flavors: r-devel-linux-x86_64-fedora-clang, r-devel-linux-x86_64-fedora-gcc, r-devel-windows-x86_64-gcc10-UCRT, r-patched-solaris-x86, r-release-macos-arm64, r-release-macos-x86_64, r-oldrel-macos-x86_64