CRAN Package Check Results for Package SimSCRPiecewise

Last updated on 2021-06-13 20:48:20 CEST.

Flavor Version Tinstall Tcheck Ttotal Status Flags
r-devel-linux-x86_64-debian-clang 0.1.1 2.32 21.07 23.39 NOTE
r-devel-linux-x86_64-debian-gcc 0.1.1 1.75 17.00 18.75 NOTE
r-devel-linux-x86_64-fedora-clang 0.1.1 38.20 NOTE
r-devel-linux-x86_64-fedora-gcc 0.1.1 27.69 NOTE
r-devel-windows-x86_64 0.1.1 4.00 26.00 30.00 NOTE
r-devel-windows-x86_64-gcc10-UCRT 0.1.1 NOTE
r-patched-linux-x86_64 0.1.1 1.96 20.76 22.72 NOTE
r-patched-solaris-x86 0.1.1 43.30 NOTE
r-release-linux-x86_64 0.1.1 2.16 20.94 23.10 NOTE
r-release-macos-arm64 0.1.1 NOTE
r-release-macos-x86_64 0.1.1 NOTE
r-release-windows-ix86+x86_64 0.1.1 4.00 26.00 30.00 NOTE
r-oldrel-macos-x86_64 0.1.1 OK
r-oldrel-windows-ix86+x86_64 0.1.1 5.00 32.00 37.00 OK

Check Details

Version: 0.1.1
Check: LazyData
Result: NOTE
     'LazyData' is specified without a 'data' directory
Flavors: r-devel-linux-x86_64-debian-clang, r-devel-linux-x86_64-debian-gcc, r-devel-linux-x86_64-fedora-clang, r-devel-linux-x86_64-fedora-gcc, r-devel-windows-x86_64, r-devel-windows-x86_64-gcc10-UCRT, r-patched-linux-x86_64, r-patched-solaris-x86, r-release-linux-x86_64, r-release-macos-arm64, r-release-macos-x86_64, r-release-windows-ix86+x86_64