CRAN Package Check Results for Package SimSurvNMarker

Last updated on 2024-04-13 21:41:50 CEST.

Flavor Version Tinstall Tcheck Ttotal Status Flags
r-devel-linux-x86_64-debian-clang 0.1.3 69.78 42.34 112.12 NOTE
r-devel-linux-x86_64-debian-gcc 0.1.3 47.39 31.55 78.94 NOTE
r-devel-linux-x86_64-fedora-clang 0.1.3 167.43 NOTE
r-devel-linux-x86_64-fedora-gcc 0.1.3 165.78 NOTE
r-devel-windows-x86_64 0.1.3 52.00 79.00 131.00 NOTE
r-patched-linux-x86_64 0.1.3 62.36 39.83 102.19 NOTE
r-release-linux-x86_64 0.1.3 61.06 39.67 100.73 NOTE
r-release-macos-arm64 0.1.3 53.00 NOTE
r-release-macos-x86_64 0.1.3 78.00 NOTE
r-release-windows-x86_64 0.1.3 66.00 87.00 153.00 NOTE
r-oldrel-macos-arm64 0.1.3 40.00 OK
r-oldrel-windows-x86_64 0.1.3 63.00 82.00 145.00 OK

Check Details

Version: 0.1.3
Check: C++ specification
Result: NOTE Specified C++14: please drop specification unless essential Flavors: r-devel-linux-x86_64-debian-clang, r-devel-linux-x86_64-debian-gcc, r-devel-linux-x86_64-fedora-clang, r-devel-linux-x86_64-fedora-gcc, r-devel-windows-x86_64, r-patched-linux-x86_64, r-release-linux-x86_64, r-release-macos-arm64, r-release-macos-x86_64, r-release-windows-x86_64