CRAN Package Check Results for Package SinIW

Last updated on 2023-02-06 23:02:28 CET.

Flavor Version Tinstall Tcheck Ttotal Status Flags
r-devel-linux-x86_64-debian-clang 0.2 2.38 22.31 24.69 NOTE
r-devel-linux-x86_64-debian-gcc 0.2 1.72 17.68 19.40 NOTE
r-devel-linux-x86_64-fedora-clang 0.2 31.68 NOTE
r-devel-linux-x86_64-fedora-gcc 0.2 30.52 NOTE
r-devel-windows-x86_64 0.2 12.00 59.00 71.00 NOTE
r-patched-linux-x86_64 0.2 2.36 22.79 25.15 NOTE
r-release-linux-x86_64 0.2 1.90 22.44 24.34 NOTE
r-release-macos-arm64 0.2 16.00 NOTE
r-release-macos-x86_64 0.2 20.00 NOTE
r-release-windows-x86_64 0.2 12.00 58.00 70.00 NOTE
r-oldrel-macos-arm64 0.2 19.00 NOTE
r-oldrel-macos-x86_64 0.2 25.00 NOTE
r-oldrel-windows-ix86+x86_64 0.2 6.00 48.00 54.00 NOTE

Check Details

Version: 0.2
Check: LazyData
Result: NOTE
     'LazyData' is specified without a 'data' directory
Flavors: r-devel-linux-x86_64-debian-clang, r-devel-linux-x86_64-debian-gcc, r-devel-linux-x86_64-fedora-clang, r-devel-linux-x86_64-fedora-gcc, r-devel-windows-x86_64, r-patched-linux-x86_64, r-release-linux-x86_64, r-release-macos-arm64, r-release-macos-x86_64, r-release-windows-x86_64, r-oldrel-macos-arm64, r-oldrel-macos-x86_64, r-oldrel-windows-ix86+x86_64

Version: 0.2
Check: dependencies in R code
Result: NOTE
    Namespace in Imports field not imported from: ‘pracma’
     All declared Imports should be used.
Flavors: r-devel-linux-x86_64-fedora-clang, r-devel-linux-x86_64-fedora-gcc, r-release-macos-arm64, r-release-macos-x86_64, r-oldrel-macos-arm64, r-oldrel-macos-x86_64