CRAN Package Check Results for Package SixSigma

Last updated on 2021-06-17 09:52:01 CEST.

Flavor Version Tinstall Tcheck Ttotal Status Flags
r-devel-linux-x86_64-debian-clang 0.9-52 8.09 81.56 89.65 NOTE
r-devel-linux-x86_64-debian-gcc 0.9-52 5.34 60.76 66.10 NOTE
r-devel-linux-x86_64-fedora-clang 0.9-52 113.81 NOTE
r-devel-linux-x86_64-fedora-gcc 0.9-52 132.57 NOTE
r-devel-windows-x86_64 0.9-52 14.00 270.00 284.00 OK
r-devel-windows-x86_64-gcc10-UCRT 0.9-52 OK
r-patched-linux-x86_64 0.9-52 6.74 76.50 83.24 NOTE
r-patched-solaris-x86 0.9-52 149.50 NOTE
r-release-linux-x86_64 0.9-52 6.41 76.95 83.36 NOTE
r-release-macos-arm64 0.9-52 OK
r-release-macos-x86_64 0.9-52 OK
r-release-windows-ix86+x86_64 0.9-52 18.00 221.00 239.00 OK
r-oldrel-macos-x86_64 0.9-52 OK
r-oldrel-windows-ix86+x86_64 0.9-52 12.00 358.00 370.00 OK

Check Details

Version: 0.9-52
Check: for non-standard things in the check directory
Result: NOTE
    Found the following files/directories:
     'helicopter.pdf'
Flavors: r-devel-linux-x86_64-debian-clang, r-devel-linux-x86_64-debian-gcc, r-devel-linux-x86_64-fedora-clang, r-devel-linux-x86_64-fedora-gcc, r-patched-linux-x86_64, r-patched-solaris-x86, r-release-linux-x86_64