CRAN Package Check Results for Package Sleuth3

Last updated on 2021-10-24 00:51:12 CEST.

Flavor Version Tinstall Tcheck Ttotal Status Flags
r-devel-linux-x86_64-debian-clang 1.0-3 5.47 223.55 229.02 OK
r-devel-linux-x86_64-debian-gcc 1.0-3 4.43 162.59 167.02 OK
r-devel-linux-x86_64-fedora-clang 1.0-3 285.78 NOTE
r-devel-linux-x86_64-fedora-gcc 1.0-3 278.39 OK
r-devel-windows-x86_64 1.0-3 10.00 366.00 376.00 NOTE
r-devel-windows-x86_64-gcc10-UCRT 1.0-3 OK
r-patched-linux-x86_64 1.0-3 6.92 256.74 263.66 OK
r-patched-solaris-x86 1.0-3 439.70 NOTE
r-release-linux-x86_64 1.0-3 5.31 255.32 260.63 OK
r-release-macos-arm64 1.0-3 NOTE
r-release-macos-x86_64 1.0-3 NOTE
r-release-windows-ix86+x86_64 1.0-3 10.00 432.00 442.00 NOTE
r-oldrel-macos-x86_64 1.0-3 NOTE
r-oldrel-windows-ix86+x86_64 1.0-3 12.00 442.00 454.00 NOTE

Check Details

Version: 1.0-3
Check: installed package size
Result: NOTE
     installed size is 5.1Mb
     sub-directories of 1Mb or more:
     doc 3.7Mb
Flavors: r-devel-linux-x86_64-fedora-clang, r-devel-windows-x86_64, r-patched-solaris-x86, r-release-macos-arm64, r-release-macos-x86_64, r-release-windows-ix86+x86_64, r-oldrel-macos-x86_64, r-oldrel-windows-ix86+x86_64