Last updated on 2023-02-02 15:54:45 CET.
Flavor | Version | Tinstall | Tcheck | Ttotal | Status | Flags |
---|---|---|---|---|---|---|
r-devel-linux-x86_64-debian-clang | 0.3.9 | 9.78 | 190.56 | 200.34 | NOTE | |
r-devel-linux-x86_64-debian-gcc | 0.3.9 | 8.71 | 132.65 | 141.36 | NOTE | |
r-devel-linux-x86_64-fedora-clang | 0.3.9 | 233.92 | NOTE | |||
r-devel-linux-x86_64-fedora-gcc | 0.3.9 | 235.71 | NOTE | |||
r-devel-windows-x86_64 | 0.3.9 | 33.00 | 225.00 | 258.00 | OK | |
r-patched-linux-x86_64 | 0.3.9 | 9.50 | 169.19 | 178.69 | NOTE | |
r-release-linux-x86_64 | 0.3.9 | 7.39 | 173.96 | 181.35 | NOTE | |
r-release-macos-arm64 | 0.3.9 | 78.00 | NOTE | |||
r-release-macos-x86_64 | 0.3.9 | 101.00 | NOTE | |||
r-release-windows-x86_64 | 0.3.9 | 30.00 | 225.00 | 255.00 | OK | |
r-oldrel-macos-arm64 | 0.3.9 | 72.00 | NOTE | |||
r-oldrel-macos-x86_64 | 0.3.9 | 106.00 | NOTE | |||
r-oldrel-windows-ix86+x86_64 | 0.3.9 | 22.00 | 199.00 | 221.00 | OK |
Version: 0.3.9
Check: Rd cross-references
Result: NOTE
Unknown package ‘InformationValue’ in Rd xrefs
Flavors: r-devel-linux-x86_64-debian-clang, r-devel-linux-x86_64-debian-gcc, r-devel-linux-x86_64-fedora-gcc, r-patched-linux-x86_64, r-release-linux-x86_64
Version: 0.3.9
Check: dependencies in R code
Result: NOTE
Namespace in Imports field not imported from: ‘qpdf’
All declared Imports should be used.
Flavors: r-devel-linux-x86_64-fedora-clang, r-devel-linux-x86_64-fedora-gcc, r-release-macos-arm64, r-release-macos-x86_64, r-oldrel-macos-arm64, r-oldrel-macos-x86_64
Version: 0.3.9
Check: Rd cross-references
Result: NOTE
Undeclared packages ‘InformationValue’, ‘ggthemes’, ‘DataExplorer’ in Rd xrefs
Unknown package ‘InformationValue’ in Rd xrefs
Flavor: r-devel-linux-x86_64-fedora-clang