CRAN Package Check Results for Package SmartMeterAnalytics

Last updated on 2024-05-25 15:49:55 CEST.

Flavor Version Tinstall Tcheck Ttotal Status Flags
r-devel-linux-x86_64-debian-clang 1.0.3 6.58 45.27 51.85 NOTE
r-devel-linux-x86_64-debian-gcc 1.0.3 5.02 32.88 37.90 NOTE
r-devel-linux-x86_64-fedora-clang 1.0.3 61.95 NOTE
r-devel-linux-x86_64-fedora-gcc 1.0.3 58.45 NOTE
r-devel-windows-x86_64 1.0.3 6.00 53.00 59.00 NOTE
r-patched-linux-x86_64 1.0.3 6.91 42.95 49.86 NOTE
r-release-linux-x86_64 1.0.3 5.41 42.91 48.32 NOTE
r-release-macos-arm64 1.0.3 21.00 NOTE
r-release-windows-x86_64 1.0.3 6.00 55.00 61.00 NOTE
r-oldrel-macos-arm64 1.0.3 24.00 NOTE
r-oldrel-macos-x86_64 1.0.3 34.00 NOTE
r-oldrel-windows-x86_64 1.0.3 8.00 60.00 68.00 NOTE

Check Details

Version: 1.0.3
Check: LazyData
Result: NOTE 'LazyData' is specified without a 'data' directory Flavors: r-devel-linux-x86_64-debian-clang, r-devel-linux-x86_64-debian-gcc, r-devel-linux-x86_64-fedora-clang, r-devel-linux-x86_64-fedora-gcc, r-devel-windows-x86_64, r-patched-linux-x86_64, r-release-linux-x86_64, r-release-macos-arm64, r-release-windows-x86_64, r-oldrel-macos-arm64, r-oldrel-macos-x86_64, r-oldrel-windows-x86_64