Last updated on 2023-06-06 17:58:53 CEST.
Flavor | Version | Tinstall | Tcheck | Ttotal | Status | Flags |
---|---|---|---|---|---|---|
r-devel-linux-x86_64-debian-clang | 1.8 | 61.83 | 61.62 | 123.45 | OK | |
r-devel-linux-x86_64-debian-gcc | 1.8 | 58.27 | 49.04 | 107.31 | OK | |
r-devel-linux-x86_64-fedora-clang | 1.8 | 170.09 | NOTE | |||
r-devel-linux-x86_64-fedora-gcc | 1.8 | 164.46 | NOTE | |||
r-devel-windows-x86_64 | 1.8 | 59.00 | 67.00 | 126.00 | OK | |
r-patched-linux-x86_64 | 1.8 | 62.55 | 59.14 | 121.69 | OK | |
r-release-linux-x86_64 | 1.8 | 61.26 | 58.15 | 119.41 | OK | |
r-release-macos-arm64 | 1.8 | 70.00 | NOTE | |||
r-release-macos-x86_64 | 1.8 | 98.00 | NOTE | |||
r-release-windows-x86_64 | 1.8 | 78.00 | 78.00 | 156.00 | OK | |
r-oldrel-macos-arm64 | 1.8 | 71.00 | NOTE | |||
r-oldrel-macos-x86_64 | 1.8 | 111.00 | NOTE | |||
r-oldrel-windows-x86_64 | 1.8 | 75.00 | 88.00 | 163.00 | OK |
Version: 1.8
Check: data for non-ASCII characters
Result: NOTE
Note: found 1122 marked UTF-8 strings
Flavors: r-devel-linux-x86_64-fedora-clang, r-devel-linux-x86_64-fedora-gcc, r-oldrel-macos-arm64, r-oldrel-macos-x86_64
Version: 1.8
Check: installed package size
Result: NOTE
installed size is 5.2Mb
sub-directories of 1Mb or more:
data 5.0Mb
Flavors: r-release-macos-arm64, r-release-macos-x86_64, r-oldrel-macos-arm64