CRAN Package Check Results for Package SmithWilsonYieldCurve

Last updated on 2021-02-28 13:47:42 CET.

Flavor Version Tinstall Tcheck Ttotal Status Flags
r-devel-linux-x86_64-debian-clang 1.0.1 2.01 22.40 24.41 NOTE
r-devel-linux-x86_64-debian-gcc 1.0.1 1.60 17.73 19.33 NOTE
r-devel-linux-x86_64-fedora-clang 1.0.1 39.87 NOTE
r-devel-linux-x86_64-fedora-gcc 1.0.1 29.16 NOTE
r-devel-windows-ix86+x86_64 1.0.1 5.00 30.00 35.00 NOTE
r-patched-linux-x86_64 1.0.1 1.94 21.93 23.87 NOTE
r-patched-solaris-x86 1.0.1 47.40 NOTE
r-release-linux-x86_64 1.0.1 2.03 22.07 24.10 NOTE
r-release-macos-x86_64 1.0.1 NOTE
r-release-windows-ix86+x86_64 1.0.1 24.00 42.00 66.00 NOTE
r-oldrel-macos-x86_64 1.0.1 NOTE
r-oldrel-windows-ix86+x86_64 1.0.1 3.00 35.00 38.00 NOTE

Check Details

Version: 1.0.1
Check: DESCRIPTION meta-information
Result: NOTE
    Malformed Description field: should contain one or more complete sentences.
Flavors: r-devel-linux-x86_64-debian-clang, r-devel-linux-x86_64-debian-gcc, r-devel-linux-x86_64-fedora-clang, r-devel-linux-x86_64-fedora-gcc, r-devel-windows-ix86+x86_64, r-patched-linux-x86_64, r-patched-solaris-x86, r-release-linux-x86_64, r-release-macos-x86_64, r-release-windows-ix86+x86_64, r-oldrel-macos-x86_64, r-oldrel-windows-ix86+x86_64

Version: 1.0.1
Check: R code for possible problems
Result: NOTE
    lines.SmithWilsonYieldCurve: no visible global function definition for
     'lines'
    points.SmithWilsonYieldCurve: no visible global function definition for
     'points'
    Undefined global functions or variables:
     lines points
    Consider adding
     importFrom("graphics", "lines", "points")
    to your NAMESPACE file.
Flavors: r-devel-linux-x86_64-debian-clang, r-devel-linux-x86_64-debian-gcc, r-devel-linux-x86_64-fedora-clang, r-devel-linux-x86_64-fedora-gcc, r-devel-windows-ix86+x86_64, r-patched-linux-x86_64, r-patched-solaris-x86, r-release-linux-x86_64, r-release-macos-x86_64, r-release-windows-ix86+x86_64

Version: 1.0.1
Check: R code for possible problems
Result: NOTE
    lines.SmithWilsonYieldCurve: no visible global function definition for
     ‘lines’
    plot.SmithWilsonYieldCurve: no visible global function definition for
     ‘plot’
    points.SmithWilsonYieldCurve: no visible global function definition for
     ‘points’
    Undefined global functions or variables:
     lines plot points
    Consider adding
     importFrom("graphics", "lines", "plot", "points")
    to your NAMESPACE file.
Flavors: r-oldrel-macos-x86_64, r-oldrel-windows-ix86+x86_64