CRAN Package Check Results for Package SmoothTensor

Last updated on 2022-06-27 23:52:34 CEST.

Flavor Version Tinstall Tcheck Ttotal Status Flags
r-devel-linux-x86_64-debian-clang 0.1.1 7.77 69.11 76.88 OK
r-devel-linux-x86_64-debian-gcc 0.1.1 5.62 52.42 58.04 OK
r-devel-linux-x86_64-fedora-clang 0.1.1 100.44 NOTE
r-devel-linux-x86_64-fedora-gcc 0.1.1 100.53 NOTE
r-devel-windows-x86_64 0.1.1 29.00 88.00 117.00 OK
r-patched-linux-x86_64 0.1.1 8.14 65.40 73.54 OK
r-release-linux-x86_64 0.1.1 7.09 65.68 72.77 OK
r-release-macos-arm64 0.1.1 30.00 NOTE
r-release-macos-x86_64 0.1.1 41.00 NOTE
r-release-windows-x86_64 0.1.1 33.00 90.00 123.00 OK
r-oldrel-macos-arm64 0.1.1 35.00 NOTE
r-oldrel-macos-x86_64 0.1.1 40.00 NOTE
r-oldrel-windows-ix86+x86_64 0.1.1 17.00 86.00 103.00 OK

Check Details

Version: 0.1.1
Check: dependencies in R code
Result: NOTE
    Namespace in Imports field not imported from: ‘methods’
     All declared Imports should be used.
Flavors: r-devel-linux-x86_64-fedora-clang, r-devel-linux-x86_64-fedora-gcc, r-release-macos-arm64, r-release-macos-x86_64, r-oldrel-macos-arm64, r-oldrel-macos-x86_64