CRAN Package Check Results for Package SmoothWin

Last updated on 2021-11-27 22:57:11 CET.

Flavor Version Tinstall Tcheck Ttotal Status Flags
r-devel-linux-x86_64-debian-clang 3.0.0 OK
r-devel-linux-x86_64-debian-gcc 3.0.0 2.57 30.56 33.13 OK
r-devel-linux-x86_64-fedora-clang 3.0.0 61.81 NOTE
r-devel-linux-x86_64-fedora-gcc 3.0.0 50.71 NOTE
r-devel-windows-x86_64-new-UL 3.0.0 8.00 86.00 94.00 OK
r-devel-windows-x86_64-new-TK 3.0.0 NOTE
r-devel-windows-x86_64-old 3.0.0 4.00 63.00 67.00 OK
r-patched-linux-x86_64 3.0.0 3.37 38.07 41.44 OK
r-patched-solaris-x86 3.0.0 77.10 NOTE
r-release-linux-x86_64 3.0.0 OK
r-release-macos-arm64 3.0.0 NOTE
r-release-macos-x86_64 3.0.0 NOTE
r-release-windows-ix86+x86_64 3.0.0 8.00 47.00 55.00 OK
r-oldrel-macos-x86_64 3.0.0 NOTE
r-oldrel-windows-ix86+x86_64 3.0.0 6.00 60.00 66.00 OK

Check Details

Version: 3.0.0
Check: dependencies in R code
Result: NOTE
    Namespace in Imports field not imported from: ‘nlme’
     All declared Imports should be used.
Flavors: r-devel-linux-x86_64-fedora-clang, r-devel-linux-x86_64-fedora-gcc, r-devel-windows-x86_64-new-TK, r-patched-solaris-x86, r-release-macos-arm64, r-release-macos-x86_64, r-oldrel-macos-x86_64