CRAN Package Check Results for Package SoDA

Last updated on 2021-09-24 06:48:42 CEST.

Flavor Version Tinstall Tcheck Ttotal Status Flags
r-devel-linux-x86_64-debian-clang 1.0-6.1 6.99 35.18 42.17 OK
r-devel-linux-x86_64-debian-gcc 1.0-6.1 4.89 27.41 32.30 OK
r-devel-linux-x86_64-fedora-clang 1.0-6.1 60.80 NOTE
r-devel-linux-x86_64-fedora-gcc 1.0-6.1 49.20 NOTE
r-devel-windows-x86_64 1.0-6.1 11.00 37.00 48.00 OK
r-devel-windows-x86_64-gcc10-UCRT 1.0-6.1 OK
r-patched-linux-x86_64 1.0-6.1 6.17 33.99 40.16 OK
r-patched-solaris-x86 1.0-6.1 75.80 OK
r-release-linux-x86_64 1.0-6.1 5.27 34.08 39.35 OK
r-release-macos-arm64 1.0-6.1 OK
r-release-macos-x86_64 1.0-6.1 OK
r-release-windows-ix86+x86_64 1.0-6.1 19.00 63.00 82.00 OK
r-oldrel-macos-x86_64 1.0-6.1 OK
r-oldrel-windows-ix86+x86_64 1.0-6.1 16.00 48.00 64.00 OK

Check Details

Version: 1.0-6.1
Check: compiled code
Result: NOTE
    File ‘SoDA/libs/SoDA.so’:
     Found no call to: ‘R_useDynamicSymbols’
    
    It is good practice to register native routines and to disable symbol
    search.
    
    See ‘Writing portable packages’ in the ‘Writing R Extensions’ manual.
Flavors: r-devel-linux-x86_64-fedora-clang, r-devel-linux-x86_64-fedora-gcc