CRAN Package Check Results for Package SocialMediaLab

Last updated on 2018-04-24 03:48:53 CEST.

Flavor Version Tinstall Tcheck Ttotal Status Flags
r-devel-linux-x86_64-debian-clang 0.23.2 27.36 82.06 109.42 WARN
r-devel-linux-x86_64-debian-gcc 0.23.2 23.64 70.75 94.39 WARN
r-devel-linux-x86_64-fedora-clang 0.23.2 148.83 WARN
r-devel-linux-x86_64-fedora-gcc 0.23.2 142.93 WARN
r-devel-windows-ix86+x86_64 0.23.2 48.00 104.00 152.00 WARN
r-devel-osx-x86_64 0.23.2 WARN
r-patched-linux-x86_64 0.23.2 26.17 90.56 116.73 WARN
r-patched-solaris-x86 0.23.2 214.00 WARN
r-release-linux-x86_64 0.23.2 27.15 89.19 116.34 WARN
r-release-windows-ix86+x86_64 0.23.2 15.00 99.00 114.00 OK
r-release-osx-x86_64 0.23.2 OK
r-oldrel-windows-ix86+x86_64 0.23.2 14.00 101.00 115.00 OK

Check Details

Version: 0.23.2
Check: whether package can be installed
Result: WARN
    Found the following significant warnings:
     Note: break used in wrong context: no loop is visible
    See ‘/home/hornik/tmp/R.check/r-devel-clang/Work/PKGS/SocialMediaLab.Rcheck/00install.out’ for details.
    Information on the location(s) of code generating the ‘Note’s can be
    obtained by re-running with environment variable R_KEEP_PKG_SOURCE set
    to ‘yes’.
Flavor: r-devel-linux-x86_64-debian-clang

Version: 0.23.2
Check: whether package can be installed
Result: WARN
    Found the following significant warnings:
     Note: break used in wrong context: no loop is visible
    See ‘/home/hornik/tmp/R.check/r-devel-gcc/Work/PKGS/SocialMediaLab.Rcheck/00install.out’ for details.
    Information on the location(s) of code generating the ‘Note’s can be
    obtained by re-running with environment variable R_KEEP_PKG_SOURCE set
    to ‘yes’.
Flavor: r-devel-linux-x86_64-debian-gcc

Version: 0.23.2
Check: whether package can be installed
Result: WARN
    Found the following significant warnings:
     Note: break used in wrong context: no loop is visible
    See ‘/data/gannet/ripley/R/packages/tests-clang/SocialMediaLab.Rcheck/00install.out’ for details.
    Information on the location(s) of code generating the ‘Note’s can be
    obtained by re-running with environment variable R_KEEP_PKG_SOURCE set
    to ‘yes’.
Flavor: r-devel-linux-x86_64-fedora-clang

Version: 0.23.2
Check: whether package can be installed
Result: WARN
    Found the following significant warnings:
     Note: break used in wrong context: no loop is visible
    See ‘/data/gannet/ripley/R/packages/tests-devel/SocialMediaLab.Rcheck/00install.out’ for details.
    Information on the location(s) of code generating the ‘Note’s can be
    obtained by re-running with environment variable R_KEEP_PKG_SOURCE set
    to ‘yes’.
Flavor: r-devel-linux-x86_64-fedora-gcc

Version: 0.23.2
Check: whether package can be installed
Result: WARN
    Found the following significant warnings:
     Note: break used in wrong context: no loop is visible
    See 'd:/Rcompile/CRANpkg/local/3.5/SocialMediaLab.Rcheck/00install.out' for details.
    Information on the location(s) of code generating the 'Note's can be
    obtained by re-running with environment variable R_KEEP_PKG_SOURCE set
    to 'yes'.
Flavor: r-devel-windows-ix86+x86_64

Version: 0.23.2
Check: whether package can be installed
Result: WARN
    Found the following significant warnings:
     Note: break used in wrong context: no loop is visible
    See ‘/Volumes/SSD-Data/Builds/R-dev-web/QA/Simon/packages/el-capitan-x86_64/results/3.5/SocialMediaLab.Rcheck/00install.out’ for details.
    Information on the location(s) of code generating the ‘Note’s can be
    obtained by re-running with environment variable R_KEEP_PKG_SOURCE set
    to ‘yes’.
Flavor: r-devel-osx-x86_64

Version: 0.23.2
Check: whether package can be installed
Result: WARN
    Found the following significant warnings:
     Note: break used in wrong context: no loop is visible
    See ‘/home/hornik/tmp/R.check/r-patched-gcc/Work/PKGS/SocialMediaLab.Rcheck/00install.out’ for details.
    Information on the location(s) of code generating the ‘Note’s can be
    obtained by re-running with environment variable R_KEEP_PKG_SOURCE set
    to ‘yes’.
Flavor: r-patched-linux-x86_64

Version: 0.23.2
Check: whether package can be installed
Result: WARN
    Found the following significant warnings:
     Note: break used in wrong context: no loop is visible
    See ‘/home/ripley/R/packages/tests32/SocialMediaLab.Rcheck/00install.out’ for details.
    Information on the location(s) of code generating the ‘Note’s can be
    obtained by re-running with environment variable R_KEEP_PKG_SOURCE set
    to ‘yes’.
Flavor: r-patched-solaris-x86

Version: 0.23.2
Check: whether package can be installed
Result: WARN
    Found the following significant warnings:
     Note: break used in wrong context: no loop is visible
    See ‘/home/hornik/tmp/R.check/r-release-gcc/Work/PKGS/SocialMediaLab.Rcheck/00install.out’ for details.
    Information on the location(s) of code generating the ‘Note’s can be
    obtained by re-running with environment variable R_KEEP_PKG_SOURCE set
    to ‘yes’.
Flavor: r-release-linux-x86_64