Last updated on 2023-12-08 18:55:50 CET.
Flavor | Version | Tinstall | Tcheck | Ttotal | Status | Flags |
---|---|---|---|---|---|---|
r-devel-linux-x86_64-debian-clang | 1.0.1 | 60.54 | 147.53 | 208.07 | OK | |
r-devel-linux-x86_64-debian-gcc | 1.0.1 | 45.36 | 109.62 | 154.98 | OK | |
r-devel-linux-x86_64-fedora-clang | 1.0.1 | 270.98 | OK | |||
r-devel-linux-x86_64-fedora-gcc | 1.0.1 | 290.98 | OK | |||
r-devel-windows-x86_64 | 1.0.1 | 47.00 | 154.00 | 201.00 | OK | |
r-patched-linux-x86_64 | 1.0.1 | 39.68 | 142.21 | 181.89 | OK | |
r-release-linux-x86_64 | 1.0.1 | 44.45 | 137.13 | 181.58 | OK | |
r-release-macos-arm64 | 1.0.1 | 86.00 | NOTE | |||
r-release-macos-x86_64 | 1.0.1 | 132.00 | NOTE | |||
r-release-windows-x86_64 | 1.0.1 | 63.00 | 181.00 | 244.00 | OK | |
r-oldrel-macos-arm64 | 1.0.1 | 71.00 | NOTE | |||
r-oldrel-macos-x86_64 | 1.0.1 | 96.00 | NOTE | |||
r-oldrel-windows-x86_64 | 1.0.1 | 60.00 | 184.00 | 244.00 | OK |
Version: 1.0.1
Check: installed package size
Result: NOTE
installed size is 5.6Mb
sub-directories of 1Mb or more:
libs 4.7Mb
Flavors: r-release-macos-arm64, r-release-macos-x86_64, r-oldrel-macos-arm64, r-oldrel-macos-x86_64