Last updated on 2023-02-06 05:55:11 CET.
Flavor | Version | Tinstall | Tcheck | Ttotal | Status | Flags |
---|---|---|---|---|---|---|
r-devel-linux-x86_64-debian-clang | 1.0.1 | 63.18 | 152.53 | 215.71 | OK | |
r-devel-linux-x86_64-debian-gcc | 1.0.1 | 48.44 | 110.87 | 159.31 | OK | |
r-devel-linux-x86_64-fedora-clang | 1.0.1 | 275.79 | OK | |||
r-devel-linux-x86_64-fedora-gcc | 1.0.1 | 272.88 | OK | |||
r-devel-windows-x86_64 | 1.0.1 | 66.00 | 219.00 | 285.00 | OK | |
r-patched-linux-x86_64 | 1.0.1 | 45.78 | 141.93 | 187.71 | OK | |
r-release-linux-x86_64 | 1.0.1 | 44.24 | 145.57 | 189.81 | OK | |
r-release-macos-arm64 | 1.0.1 | 71.00 | NOTE | |||
r-release-macos-x86_64 | 1.0.1 | 96.00 | NOTE | |||
r-release-windows-x86_64 | 1.0.1 | 65.00 | 232.00 | 297.00 | OK | |
r-oldrel-macos-arm64 | 1.0.1 | 70.00 | NOTE | |||
r-oldrel-macos-x86_64 | 1.0.1 | 97.00 | NOTE | |||
r-oldrel-windows-ix86+x86_64 | 1.0.1 | 136.00 | 250.00 | 386.00 | OK |
Version: 1.0.1
Check: installed package size
Result: NOTE
installed size is 5.3Mb
sub-directories of 1Mb or more:
libs 4.4Mb
Flavors: r-release-macos-arm64, r-release-macos-x86_64, r-oldrel-macos-arm64, r-oldrel-macos-x86_64