CRAN Package Check Results for Package SoilHyP

Last updated on 2019-03-23 05:48:19 CET.

Flavor Version Tinstall Tcheck Ttotal Status Flags
r-devel-linux-x86_64-debian-clang 0.1.2 3.03 24.68 27.71 WARN
r-devel-linux-x86_64-debian-gcc 0.1.2 2.95 19.89 22.84 OK
r-devel-linux-x86_64-fedora-clang 0.1.2 33.58 OK
r-devel-linux-x86_64-fedora-gcc 0.1.2 31.71 OK
r-devel-windows-ix86+x86_64 0.1.2 10.00 45.00 55.00 OK
r-patched-linux-x86_64 0.1.2 2.47 22.65 25.12 OK
r-patched-solaris-x86 0.1.2 44.30 OK
r-release-linux-x86_64 0.1.2 0.29 1.89 2.18 ERROR
r-release-windows-ix86+x86_64 0.1.2 4.00 33.00 37.00 OK
r-release-osx-x86_64 0.1.2 OK
r-oldrel-windows-ix86+x86_64 0.1.2 2.00 40.00 42.00 OK
r-oldrel-osx-x86_64 0.1.2 OK

Check Details

Version: 0.1.2
Check: whether package can be installed
Result: WARN
    Found the following significant warnings:
     Warning: unable to re-encode 'AIC_HY.R' lines 10, 12
     Warning: unable to re-encode 'BIC_HY.R' line 7
     Warning: unable to re-encode 'Kcap.R' line 18
     Warning: unable to re-encode 'Kfilm.R' line 18
     Warning: unable to re-encode 'Ku.R' lines 51, 52, 53, 55
     Warning: unable to re-encode 'NSE.R' line 5
     Warning: unable to re-encode 'SEM.R' line 45
     Warning: unable to re-encode 'SWC.R' lines 51, 52, 53
     Warning: unable to re-encode 'Sad.R' line 17
     Warning: unable to re-encode 'Scap.R' line 21
     Warning: unable to re-encode 'fitSHP.R' line 90
Flavor: r-devel-linux-x86_64-debian-clang

Version: 0.1.2
Check: whether package can be installed
Result: ERROR
    Installation failed.
Flavor: r-release-linux-x86_64