CRAN Package Check Results for Package SoilHyP

Last updated on 2024-06-13 06:58:19 CEST.

Flavor Version Tinstall Tcheck Ttotal Status Flags
r-devel-linux-x86_64-debian-clang 0.1.7 8.18 52.48 60.66 OK
r-devel-linux-x86_64-debian-gcc 0.1.7 0.39 1.69 2.08 ERROR
r-devel-linux-x86_64-fedora-clang 0.1.7 75.63 OK
r-devel-linux-x86_64-fedora-gcc 0.1.7 70.73 OK
r-devel-windows-x86_64 0.1.7 6.00 63.00 69.00 OK
r-patched-linux-x86_64 0.1.7 5.56 51.17 56.73 OK
r-release-linux-x86_64 0.1.7 5.15 49.87 55.02 OK
r-release-macos-arm64 0.1.7 24.00 OK
r-release-macos-x86_64 0.1.7 37.00 OK
r-release-windows-x86_64 0.1.7 7.00 65.00 72.00 OK
r-oldrel-macos-arm64 0.1.7 26.00 OK
r-oldrel-macos-x86_64 0.1.7 35.00 OK
r-oldrel-windows-x86_64 0.1.7 8.00 68.00 76.00 OK

Check Details

Version: 0.1.7
Check: package dependencies
Result: ERROR Package required but not available: ‘lubridate’ See section ‘The DESCRIPTION file’ in the ‘Writing R Extensions’ manual. Flavor: r-devel-linux-x86_64-debian-gcc