CRAN Package Check Results for Package SoilTaxonomy

Last updated on 2021-05-13 04:50:08 CEST.

Flavor Version Tinstall Tcheck Ttotal Status Flags
r-devel-linux-x86_64-debian-clang 0.1.3 3.19 41.48 44.67 OK
r-devel-linux-x86_64-debian-gcc 0.1.3 2.14 32.95 35.09 OK
r-devel-linux-x86_64-fedora-clang 0.1.3 64.52 OK
r-devel-linux-x86_64-fedora-gcc 0.1.3 54.14 OK
r-devel-windows-ix86+x86_64 0.1.3 6.00 65.00 71.00 OK
r-devel-windows-x86_64-gcc10-UCRT 0.1.3 OK
r-patched-linux-x86_64 0.1.3 2.78 41.08 43.86 OK
r-patched-solaris-x86 0.1.3 86.40 OK
r-release-linux-x86_64 0.1.3 2.96 40.79 43.75 OK
r-release-macos-x86_64 0.1.3 OK
r-release-windows-ix86+x86_64 0.1.3 5.00 46.00 51.00 OK
r-oldrel-macos-x86_64 0.1.3 OK
r-oldrel-windows-ix86+x86_64 0.1.3 1.00 6.00 7.00 ERROR

Check Details

Version: 0.1.3
Check: whether package can be installed
Result: ERROR
    Installation failed.
Flavor: r-oldrel-windows-ix86+x86_64