CRAN Package Check Results for Package SolveRationalMatrixEquation

Last updated on 2022-01-27 09:49:47 CET.

Flavor Version Tinstall Tcheck Ttotal Status Flags
r-devel-linux-x86_64-debian-clang 0.1.0 1.80 30.38 32.18 NOTE
r-devel-linux-x86_64-debian-gcc 0.1.0 1.42 24.05 25.47 NOTE
r-devel-linux-x86_64-fedora-clang 0.1.0 40.43 OK
r-devel-linux-x86_64-fedora-gcc 0.1.0 29.06 OK
r-devel-windows-x86_64-new-UL 0.1.0 216.00 54.00 270.00 NOTE
r-devel-windows-x86_64-new-TK 0.1.0 OK
r-patched-linux-x86_64 0.1.0 1.65 28.72 30.37 NOTE
r-release-linux-x86_64 0.1.0 1.69 28.52 30.21 NOTE
r-release-macos-arm64 0.1.0 OK
r-release-macos-x86_64 0.1.0 OK
r-release-windows-ix86+x86_64 0.1.0 5.00 38.00 43.00 NOTE
r-oldrel-macos-x86_64 0.1.0 OK
r-oldrel-windows-ix86+x86_64 0.1.0 5.00 38.00 43.00 NOTE

Check Details

Version: 0.1.0
Check: package vignettes
Result: NOTE
    Package vignette with placeholder title 'Vignette Title':
     'SolveRationalMatrixEquation.Rmd'
Flavors: r-devel-linux-x86_64-debian-clang, r-devel-linux-x86_64-debian-gcc, r-devel-windows-x86_64-new-UL, r-patched-linux-x86_64, r-release-linux-x86_64, r-release-windows-ix86+x86_64, r-oldrel-windows-ix86+x86_64