Last updated on 2023-09-24 05:53:23 CEST.
Flavor | Version | Tinstall | Tcheck | Ttotal | Status | Flags |
---|---|---|---|---|---|---|
r-devel-linux-x86_64-debian-clang | 6.0.0 | 18.58 | 111.81 | 130.39 | OK | |
r-devel-linux-x86_64-debian-gcc | 6.0.0 | 13.28 | 80.81 | 94.09 | OK | |
r-devel-linux-x86_64-fedora-clang | 6.0.0 | 156.06 | NOTE | |||
r-devel-linux-x86_64-fedora-gcc | 6.0.0 | 179.59 | OK | |||
r-devel-windows-x86_64 | 6.0.0 | 20.00 | 114.00 | 134.00 | OK | |
r-patched-linux-x86_64 | 6.0.0 | 24.04 | 106.12 | 130.16 | OK | |
r-release-linux-x86_64 | 6.0.0 | 11.83 | 105.21 | 117.04 | OK | |
r-release-macos-arm64 | 6.0.0 | 61.00 | OK | |||
r-release-macos-x86_64 | 6.0.0 | 95.00 | NOTE | |||
r-release-windows-x86_64 | 6.0.0 | 23.00 | 130.00 | 153.00 | OK | |
r-oldrel-macos-arm64 | 6.0.0 | 42.00 | OK | |||
r-oldrel-macos-x86_64 | 6.0.0 | 73.00 | OK | |||
r-oldrel-windows-x86_64 | 6.0.0 | 23.00 | 135.00 | 158.00 | OK |
Version: 6.0.0
Check: Rd cross-references
Result: NOTE
Undeclared package ‘stringr’ in Rd xrefs
Flavor: r-devel-linux-x86_64-fedora-clang
Version: 6.0.0
Check: installed package size
Result: NOTE
installed size is 5.6Mb
sub-directories of 1Mb or more:
data 3.8Mb
extdata 1.1Mb
Flavor: r-release-macos-x86_64