CRAN Package Check Results for Package SortedEffects

Last updated on 2020-04-10 08:52:45 CEST.

Flavor Version Tinstall Tcheck Ttotal Status Flags
r-devel-linux-x86_64-debian-clang 1.2.0 15.23 147.27 162.50 OK
r-devel-linux-x86_64-debian-gcc 1.2.0 12.27 110.72 122.99 OK
r-devel-linux-x86_64-fedora-clang 1.2.0 188.44 OK
r-devel-linux-x86_64-fedora-gcc 1.2.0 195.49 OK
r-devel-windows-ix86+x86_64 1.2.0 31.00 148.00 179.00 OK
r-devel-windows-ix86+x86_64-gcc8 1.1.0 28.00 147.00 175.00 OK
r-patched-linux-x86_64 1.2.0 9.90 141.26 151.16 OK
r-patched-osx-x86_64 1.2.0 WARN
r-patched-solaris-x86 1.2.0 294.60 OK
r-release-linux-x86_64 1.2.0 10.56 126.56 137.12 OK
r-release-windows-ix86+x86_64 1.2.0 26.00 151.00 177.00 OK
r-release-osx-x86_64 1.2.0 OK
r-oldrel-windows-ix86+x86_64 1.2.0 23.00 205.00 228.00 OK
r-oldrel-osx-x86_64 1.1.0 OK

Check Details

Version: 1.2.0
Check: re-building of vignette outputs
Result: WARN
    Error(s) in re-building vignettes:
     ...
    --- re-building ‘SortedEffects.Rmd’ using rmarkdown
    dyld: lazy symbol binding failed: Symbol not found: ____chkstk_darwin
     Referenced from: /usr/local/bin/pandoc (which was built for Mac OS X 10.15)
     Expected in: /usr/lib/libSystem.B.dylib
    
    dyld: Symbol not found: ____chkstk_darwin
     Referenced from: /usr/local/bin/pandoc (which was built for Mac OS X 10.15)
     Expected in: /usr/lib/libSystem.B.dylib
    
    Error: processing vignette 'SortedEffects.Rmd' failed with diagnostics:
    pandoc document conversion failed with error 6
    --- failed re-building ‘SortedEffects.Rmd’
    
    SUMMARY: processing the following file failed:
     ‘SortedEffects.Rmd’
    
    Error: Vignette re-building failed.
    Execution halted
Flavor: r-patched-osx-x86_64