CRAN Package Check Results for Package SoundexBR

Last updated on 2020-02-26 06:48:17 CET.

Flavor Version Tinstall Tcheck Ttotal Status Flags
r-devel-linux-x86_64-debian-clang 1.2 2.70 20.96 23.66 NOTE
r-devel-linux-x86_64-debian-gcc 1.2 2.26 17.07 19.33 NOTE
r-devel-linux-x86_64-fedora-clang 1.2 30.66 NOTE
r-devel-linux-x86_64-fedora-gcc 1.2 28.96 NOTE
r-devel-windows-ix86+x86_64 1.2 9.00 41.00 50.00 OK
r-devel-windows-ix86+x86_64-gcc8 1.2 9.00 40.00 49.00 NOTE
r-patched-linux-x86_64 1.2 2.29 19.44 21.73 NOTE
r-patched-solaris-x86 1.2 43.80 NOTE
r-release-linux-x86_64 1.2 2.28 19.74 22.02 NOTE
r-release-windows-ix86+x86_64 1.2 8.00 39.00 47.00 OK
r-release-osx-x86_64 1.2 NOTE
r-oldrel-windows-ix86+x86_64 1.2 12.00 39.00 51.00 OK
r-oldrel-osx-x86_64 1.2 NOTE

Check Details

Version: 1.2
Check: package dependencies
Result: NOTE
    Package suggested but not available for checking: 'SciencesPo'
    
    Package which this enhances but not available for checking: 'RecordLinkage'
Flavors: r-devel-linux-x86_64-debian-clang, r-devel-linux-x86_64-debian-gcc, r-devel-linux-x86_64-fedora-clang, r-devel-linux-x86_64-fedora-gcc, r-patched-linux-x86_64, r-patched-solaris-x86, r-release-linux-x86_64

Version: 1.2
Check: compiled code
Result: NOTE
    File ‘SoundexBR/libs/SoundexBR.so’:
     Found no calls to: ‘R_registerRoutines’, ‘R_useDynamicSymbols’
    
    It is good practice to register native routines and to disable symbol
    search.
    
    See ‘Writing portable packages’ in the ‘Writing R Extensions’ manual.
Flavors: r-devel-linux-x86_64-fedora-clang, r-devel-linux-x86_64-fedora-gcc

Version: 1.2
Check: package dependencies
Result: NOTE
    Package suggested but not available for checking: 'SciencesPo'
Flavors: r-devel-windows-ix86+x86_64-gcc8, r-release-osx-x86_64, r-oldrel-osx-x86_64