CRAN Package Check Results for Package SoyNAM

Last updated on 2021-12-07 15:52:53 CET.

Flavor Version Tinstall Tcheck Ttotal Status Flags
r-devel-linux-x86_64-debian-clang 1.6.1 7.72 91.02 98.74 OK
r-devel-linux-x86_64-debian-gcc 1.6.1 7.59 71.58 79.17 OK
r-devel-linux-x86_64-fedora-clang 1.6.1 123.69 NOTE
r-devel-linux-x86_64-fedora-gcc 1.6.1 110.97 OK
r-devel-windows-x86_64-new-UL 1.6.1 16.00 127.00 143.00 NOTE
r-devel-windows-x86_64-new-TK 1.6.1 OK
r-devel-windows-x86_64-old 1.6.1 14.00 109.00 123.00 NOTE
r-patched-linux-x86_64 1.6.1 9.27 88.37 97.64 OK
r-release-linux-x86_64 1.6.1 9.47 88.74 98.21 OK
r-release-macos-arm64 1.6.1 NOTE
r-release-macos-x86_64 1.6.1 NOTE
r-release-windows-ix86+x86_64 1.6.1 15.00 111.00 126.00 NOTE
r-oldrel-macos-x86_64 1.6.1 NOTE
r-oldrel-windows-ix86+x86_64 1.6.1 21.00 111.00 132.00 NOTE

Check Details

Version: 1.6.1
Check: installed package size
Result: NOTE
     installed size is 5.3Mb
     sub-directories of 1Mb or more:
     data 5.2Mb
Flavors: r-devel-linux-x86_64-fedora-clang, r-devel-windows-x86_64-new-UL, r-devel-windows-x86_64-old, r-release-macos-arm64, r-release-macos-x86_64, r-release-windows-ix86+x86_64, r-oldrel-macos-x86_64, r-oldrel-windows-ix86+x86_64